Last updated on 2024-07-27 16:49:21 CEST.
Flavor | Version | Tinstall | Tcheck | Ttotal | Status | Flags |
---|---|---|---|---|---|---|
r-devel-linux-x86_64-debian-clang | 0.3.0 | 7.64 | 622.53 | 630.17 | NOTE | |
r-devel-linux-x86_64-debian-gcc | 0.3.0 | NOTE | ||||
r-devel-linux-x86_64-fedora-clang | 0.3.0 | 733.98 | NOTE | |||
r-devel-linux-x86_64-fedora-gcc | 0.3.0 | 727.54 | NOTE | |||
r-devel-windows-x86_64 | 0.3.0 | 9.00 | 359.00 | 368.00 | NOTE | |
r-patched-linux-x86_64 | 0.3.0 | NOTE | ||||
r-release-linux-x86_64 | 0.3.0 | 4.04 | 585.20 | 589.24 | NOTE | |
r-release-macos-arm64 | 0.3.0 | 156.00 | NOTE | |||
r-release-macos-x86_64 | 0.3.0 | 256.00 | NOTE | |||
r-release-windows-x86_64 | 0.3.0 | 7.00 | 347.00 | 354.00 | NOTE | |
r-oldrel-macos-arm64 | 0.3.0 | 183.00 | NOTE | |||
r-oldrel-macos-x86_64 | 0.3.0 | 316.00 | NOTE | |||
r-oldrel-windows-x86_64 | 0.3.0 | 8.00 | 457.00 | 465.00 | NOTE |
Version: 0.3.0
Check: LazyData
Result: NOTE
'LazyData' is specified without a 'data' directory
Flavors: r-devel-linux-x86_64-debian-clang, r-devel-linux-x86_64-debian-gcc, r-devel-linux-x86_64-fedora-clang, r-devel-linux-x86_64-fedora-gcc, r-devel-windows-x86_64, r-patched-linux-x86_64, r-release-linux-x86_64, r-release-macos-arm64, r-release-macos-x86_64, r-release-windows-x86_64, r-oldrel-macos-arm64, r-oldrel-macos-x86_64, r-oldrel-windows-x86_64