CRAN Package Check Results for Package safer

Last updated on 2025-02-04 17:49:25 CET.

Flavor Version Tinstall Tcheck Ttotal Status Flags
r-devel-linux-x86_64-debian-clang 0.2.1 1.90 18.44 20.34 NOTE
r-devel-linux-x86_64-debian-gcc 0.2.1 1.51 14.92 16.43 NOTE
r-devel-linux-x86_64-fedora-clang 0.2.1 33.12 NOTE
r-devel-linux-x86_64-fedora-gcc 0.2.1 31.30 NOTE
r-devel-windows-x86_64 0.2.1 3.00 43.00 46.00 NOTE
r-patched-linux-x86_64 0.2.1 2.21 17.68 19.89 NOTE
r-release-linux-x86_64 0.2.1 1.85 17.61 19.46 NOTE
r-release-macos-arm64 0.2.1 15.00 NOTE
r-release-macos-x86_64 0.2.1 21.00 NOTE
r-release-windows-x86_64 0.2.1 4.00 43.00 47.00 NOTE
r-oldrel-macos-arm64 0.2.1 16.00 NOTE
r-oldrel-macos-x86_64 0.2.1 20.00 NOTE
r-oldrel-windows-x86_64 0.2.1 3.00 43.00 46.00 NOTE

Check Details

Version: 0.2.1
Check: package subdirectories
Result: NOTE Problems with news in ‘NEWS.md’: No news entries found. Flavors: r-devel-linux-x86_64-debian-clang, r-devel-linux-x86_64-debian-gcc, r-devel-linux-x86_64-fedora-clang, r-devel-linux-x86_64-fedora-gcc, r-devel-windows-x86_64, r-patched-linux-x86_64, r-release-linux-x86_64, r-release-macos-arm64, r-release-macos-x86_64, r-release-windows-x86_64, r-oldrel-macos-arm64, r-oldrel-macos-x86_64, r-oldrel-windows-x86_64

Version: 0.2.1
Check: LazyData
Result: NOTE 'LazyData' is specified without a 'data' directory Flavors: r-patched-linux-x86_64, r-release-linux-x86_64, r-release-macos-arm64, r-release-macos-x86_64, r-release-windows-x86_64, r-oldrel-macos-arm64, r-oldrel-macos-x86_64, r-oldrel-windows-x86_64