Last updated on 2023-12-01 12:52:33 CET.
Flavor | Version | Tinstall | Tcheck | Ttotal | Status | Flags |
---|---|---|---|---|---|---|
r-devel-linux-x86_64-debian-clang | 3.0-2 | 5.30 | 300.91 | 306.21 | NOTE | |
r-devel-linux-x86_64-debian-gcc | 3.0-2 | 4.28 | 242.13 | 246.41 | NOTE | |
r-devel-linux-x86_64-fedora-clang | 3.0-2 | 391.63 | OK | |||
r-devel-linux-x86_64-fedora-gcc | 3.0-2 | 416.37 | OK | |||
r-devel-windows-x86_64 | 3.0-2 | 6.00 | 305.00 | 311.00 | OK | |
r-patched-linux-x86_64 | 3.0-2 | 6.18 | 314.64 | 320.82 | OK | |
r-release-linux-x86_64 | 3.0-2 | 6.78 | 315.79 | 322.57 | OK | |
r-release-macos-arm64 | 3.0-2 | 165.00 | OK | |||
r-release-macos-x86_64 | 3.0-2 | 274.00 | OK | |||
r-release-windows-x86_64 | 3.0-2 | 8.00 | 349.00 | 357.00 | OK | |
r-oldrel-macos-arm64 | 3.0-2 | 149.00 | OK | |||
r-oldrel-macos-x86_64 | 3.0-2 | 157.00 | NOTE | |||
r-oldrel-windows-x86_64 | 3.0-2 | 9.00 | 312.00 | 321.00 | OK |
Version: 3.0-2
Check: Rd files
Result: NOTE
checkRd: (-1) vcovBS.Rd:123: Lost braces
123 | \code{\link[stats]{glm.fit}} instead of code{update}.
| ^
Flavors: r-devel-linux-x86_64-debian-clang, r-devel-linux-x86_64-debian-gcc
Version: 3.0-2
Check: package dependencies
Result: NOTE
Package suggested but not available for checking: ‘pcse’
Flavor: r-oldrel-macos-x86_64
Version: 3.0-2
Check: running R code from vignettes
Result: NOTE
‘sandwich-CL.Rnw’... [7s/7s] NOTE
differences from ‘sandwich-CL.Rout.save’
63,64c63,69
< Warning in library(package, lib.loc = lib.loc, character.only = TRUE, logical.return = TRUE, :
< there is no package called 'pcse'
---
>
> Attaching package: 'pcse'
>
> The following object is masked from 'package:sandwich':
>
> vcovPC
>
165,166c170,171
< (Intercept) 0.022201 0.028359
< x 0.025276 0.028583
---
> (Intercept) 0.022201 0.022201
> x 0.025276 0.025276
176,177c181,182
< (Intercept) 0.022070 0.028359 0.022603 0.028359
< x 0.025338 0.028581 0.025241 0.028581
---
> (Intercept) 0.022070 0.022070 0.022603 0.022603
> x 0.025338 0.025338 0.025241 0.025241
‘sandwich-OOP.Rnw’... [2s/2s] OK
‘sandwich.Rnw’... [1s/1s] OK
Flavor: r-oldrel-macos-x86_64