Last updated on 2023-12-04 03:53:55 CET.
Flavor | Version | Tinstall | Tcheck | Ttotal | Status | Flags |
---|---|---|---|---|---|---|
r-devel-linux-x86_64-debian-clang | 1.1 | 56.78 | 82.44 | 139.22 | NOTE | |
r-devel-linux-x86_64-debian-gcc | 1.1 | 36.66 | 62.59 | 99.25 | NOTE | |
r-devel-linux-x86_64-fedora-clang | 1.1 | 185.28 | NOTE | |||
r-devel-linux-x86_64-fedora-gcc | 1.1 | 186.34 | OK | |||
r-devel-windows-x86_64 | 1.1 | 39.00 | 124.00 | 163.00 | NOTE | |
r-patched-linux-x86_64 | 1.1 | 33.21 | 77.45 | 110.66 | OK | |
r-release-linux-x86_64 | 1.1 | 32.57 | 78.14 | 110.71 | OK | |
r-release-macos-arm64 | 1.1 | 67.00 | NOTE | |||
r-release-macos-x86_64 | 1.1 | 94.00 | NOTE | |||
r-release-windows-x86_64 | 1.1 | 52.00 | 133.00 | 185.00 | NOTE | |
r-oldrel-macos-arm64 | 1.1 | 60.00 | ERROR | |||
r-oldrel-macos-x86_64 | 1.1 | 98.00 | ERROR | |||
r-oldrel-windows-x86_64 | 1.1 | 48.00 | 133.00 | 181.00 | NOTE |
Version: 1.1
Check: Rd files
Result: NOTE
checkRd: (-1) gen.ds.Rd:43-48: Lost braces in \itemize; meant \describe ?
checkRd: (-1) gen.ds.Rd:50-53: Lost braces in \itemize; meant \describe ?
checkRd: (-1) gen.ds.Rd:64-65: Lost braces
64 | \item{the dependence parameter \code{dep} or the vector of dependence parameters \code{dep}. When missing, these coefficients are obtained from independent standard uniform sampling.
| ^
checkRd: (-1) gen.ds.Rd:66: Lost braces
66 | \item{the list \code{asy} of asymmetric weights \eqn{\beta_{i,b}} for \eqn{b \in B} and \eqn{i \in b}. When missing, these coefficients are obtained from independent standard uniform sampling followed by renormalization in order to satisfy the sum-to-one constraints.}
| ^
Flavors: r-devel-linux-x86_64-debian-clang, r-devel-linux-x86_64-debian-gcc
Version: 1.1
Check: Rd cross-references
Result: NOTE
Undeclared package ‘evd’ in Rd xrefs
Flavor: r-devel-linux-x86_64-fedora-clang
Version: 1.1
Check: installed package size
Result: NOTE
installed size is 5.3Mb
sub-directories of 1Mb or more:
doc 3.9Mb
libs 1.2Mb
Flavors: r-devel-windows-x86_64, r-release-macos-arm64, r-release-macos-x86_64, r-release-windows-x86_64, r-oldrel-macos-arm64, r-oldrel-macos-x86_64, r-oldrel-windows-x86_64
Version: 1.1
Check: PDF version of manual
Result: WARN
LaTeX errors when creating PDF version.
This typically indicates Rd problems.
LaTeX errors found:
! Undefined control sequence.
<recently read> \dfrac
l.192 ...omputed by \eqn{\dfrac{|I|-ec}{|I|-1}}{}
.
! Undefined control sequence.
<argument> 1 - \dfrac
{\hat {\ell }_{k,n}(1_I,0_{I^c})}{|I|}
l.280 ...ac{\hat{\ell}_{k,n}(1_I,0_{I^c})}{|I|}}{}
.
! Undefined control sequence.
<argument> S_I(\ell )=\dfrac
{D_I(\ell )}{D(\ell )}
l.1278 ...{S_I(\ell)=\dfrac{D_I(\ell)}{D(\ell)}}{}
.
! Undefined control sequence.
<argument> S_I(\ell )=\dfrac
{D_I(\ell )}{D(\ell )}
l.1364 ...{S_I(\ell)=\dfrac{D_I(\ell)}{D(\ell)}}{}
.
! Undefined control sequence.
<argument> \hat {S}_{I,k,n}=\dfrac
{\hat {D}_{I,k,n}}{\hat {D}_{k,n}}
l.1374 ...dfrac{\hat{D}_{I,k,n}}{\hat{D}_{k,n}}}{}
! Undefined control sequence.
<recently read> \dfrac
l.1607 ...hat{\Upsilon}_{I,k,n}}{\hat{D}_{k,n}}}{}
the empirical counterpart...
! Undefined control sequence.
<recently read> \dfrac
l.1607 ...n{\dfrac{\Upsilon_I(\ell)}{D_I(\ell)}}{}
.
! Undefined control sequence.
<recently read> \dfrac
l.1609 ... by \eqn{\dfrac{(2|I|+2)!}{2(|I|!)^2}}{}
.
Flavors: r-oldrel-macos-arm64, r-oldrel-macos-x86_64
Version: 1.1
Check: PDF version of manual without index
Result: ERROR
Flavors: r-oldrel-macos-arm64, r-oldrel-macos-x86_64