Last updated on 2025-02-04 19:50:32 CET.
Flavor | Version | Tinstall | Tcheck | Ttotal | Status | Flags |
---|---|---|---|---|---|---|
r-devel-linux-x86_64-debian-clang | 1.0.3 | 34.62 | 75.78 | 110.40 | OK | |
r-devel-linux-x86_64-debian-gcc | 1.0.3 | 26.06 | 56.78 | 82.84 | OK | |
r-devel-linux-x86_64-fedora-clang | 1.0.3 | 187.81 | OK | |||
r-devel-linux-x86_64-fedora-gcc | 1.0.3 | 190.71 | OK | |||
r-devel-windows-x86_64 | 1.0.3 | 38.00 | 107.00 | 145.00 | OK | |
r-patched-linux-x86_64 | 1.0.3 | 38.10 | 73.39 | 111.49 | OK | |
r-release-linux-x86_64 | 1.0.3 | 36.41 | 73.95 | 110.36 | OK | |
r-release-macos-arm64 | 1.0.3 | 57.00 | NOTE | |||
r-release-macos-x86_64 | 1.0.3 | 90.00 | NOTE | |||
r-release-windows-x86_64 | 1.0.3 | 39.00 | 115.00 | 154.00 | OK | |
r-oldrel-macos-arm64 | 1.0.3 | 57.00 | NOTE | |||
r-oldrel-macos-x86_64 | 1.0.3 | 88.00 | NOTE | |||
r-oldrel-windows-x86_64 | 1.0.3 | 48.00 | 131.00 | 179.00 | OK |
Version: 1.0.3
Check: installed package size
Result: NOTE
installed size is 5.4Mb
sub-directories of 1Mb or more:
data 2.3Mb
libs 3.0Mb
Flavors: r-release-macos-arm64, r-release-macos-x86_64, r-oldrel-macos-arm64, r-oldrel-macos-x86_64