Last updated on 2024-04-20 06:58:55 CEST.
Flavor | Version | Tinstall | Tcheck | Ttotal | Status | Flags |
---|---|---|---|---|---|---|
r-devel-linux-x86_64-debian-clang | 2.1.2 | 57.79 | 357.91 | 415.70 | NOTE | |
r-devel-linux-x86_64-debian-gcc | 2.1.2 | 37.76 | 252.37 | 290.13 | NOTE | |
r-devel-linux-x86_64-fedora-clang | 2.1.2 | 509.58 | NOTE | |||
r-devel-linux-x86_64-fedora-gcc | 2.1.2 | 491.24 | OK | |||
r-prerel-macos-arm64 | 2.1.2 | 118.00 | NOTE | |||
r-prerel-macos-x86_64 | 2.1.2 | 353.00 | OK | |||
r-prerel-windows-x86_64 | 2.1.2 | 37.00 | 305.00 | 342.00 | OK | |
r-patched-linux-x86_64 | 2.1.2 | 41.61 | 340.88 | 382.49 | OK | |
r-release-linux-x86_64 | 2.1.2 | 26.60 | 342.84 | 369.44 | OK | |
r-release-macos-arm64 | 2.1.2 | 138.00 | NOTE | |||
r-release-macos-x86_64 | 2.1.2 | 285.00 | NOTE | |||
r-release-windows-x86_64 | 2.1.2 | 50.00 | 387.00 | 437.00 | OK | |
r-oldrel-macos-arm64 | 2.1.2 | 127.00 | NOTE | |||
r-oldrel-windows-x86_64 | 2.1.2 | 52.00 | 351.00 | 403.00 | OK |
Version: 2.1.2
Check: package dependencies
Result: NOTE
Packages suggested but not available for checking:
'dittoSeq', 'DropletUtils', 'Nebulosa', 'scuttle'
Flavors: r-devel-linux-x86_64-debian-clang, r-devel-linux-x86_64-debian-gcc
Version: 2.1.2
Check: Rd cross-references
Result: NOTE
Unknown packages ‘DropletUtils’, ‘Nebulosa’ in Rd xrefs
Flavors: r-devel-linux-x86_64-debian-clang, r-devel-linux-x86_64-debian-gcc
Version: 2.1.2
Check: package dependencies
Result: NOTE
Imports includes 28 non-default packages.
Importing from so many packages makes the package vulnerable to any of
them becoming unavailable. Move as many as possible to Suggests and
use conditionally.
Flavor: r-devel-linux-x86_64-fedora-clang
Version: 2.1.2
Check: package dependencies
Result: NOTE
Packages suggested but not available for checking:
'dittoSeq', 'DropletUtils', 'Nebulosa'
Flavors: r-prerel-macos-arm64, r-release-macos-arm64, r-release-macos-x86_64
Version: 2.1.2
Check: Rd cross-references
Result: NOTE
Packages unavailable to check Rd xrefs: ‘DropletUtils’, ‘Nebulosa’
Flavors: r-prerel-macos-arm64, r-release-macos-arm64, r-release-macos-x86_64, r-oldrel-macos-arm64
Version: 2.1.2
Check: package dependencies
Result: NOTE
Packages suggested but not available for checking:
'DropletUtils', 'Nebulosa'
Flavor: r-oldrel-macos-arm64