Last updated on 2024-08-31 22:49:50 CEST.
Flavor | Version | Tinstall | Tcheck | Ttotal | Status | Flags |
---|---|---|---|---|---|---|
r-devel-linux-x86_64-debian-clang | 1.0.0 | 31.70 | 721.85 | 753.55 | NOTE | |
r-devel-linux-x86_64-debian-gcc | 1.0.0 | 20.11 | 549.19 | 569.30 | NOTE | |
r-devel-linux-x86_64-fedora-clang | 1.0.0 | 1211.77 | OK | |||
r-devel-linux-x86_64-fedora-gcc | 1.0.0 | 1234.04 | OK | |||
r-devel-windows-x86_64 | 1.0.0 | 30.00 | 462.00 | 492.00 | OK | |
r-patched-linux-x86_64 | 1.0.0 | 28.88 | 1141.09 | 1169.97 | NOTE | |
r-release-linux-x86_64 | 1.0.0 | 30.31 | 1127.77 | 1158.08 | NOTE | |
r-release-macos-arm64 | 1.0.0 | 227.00 | NOTE | |||
r-release-macos-x86_64 | 1.0.0 | 373.00 | OK | |||
r-release-windows-x86_64 | 1.0.0 | 33.00 | 470.00 | 503.00 | OK | |
r-oldrel-macos-arm64 | 1.0.0 | 234.00 | NOTE | |||
r-oldrel-macos-x86_64 | 1.0.0 | 700.00 | NOTE | |||
r-oldrel-windows-x86_64 | 1.0.0 | 44.00 | 589.00 | 633.00 | OK |
Version: 1.0.0
Check: package dependencies
Result: NOTE
Package suggested but not available for checking: ‘ontoProc’
Flavors: r-devel-linux-x86_64-debian-clang, r-devel-linux-x86_64-debian-gcc, r-patched-linux-x86_64, r-release-linux-x86_64
Version: 1.0.0
Check: package dependencies
Result: NOTE
Package suggested but not available for checking: ‘SingleCellSignalR’
Flavor: r-release-macos-arm64
Version: 1.0.0
Check: package dependencies
Result: NOTE
Packages suggested but not available for checking:
'ontoProc', 'rrvgo', 'SingleCellSignalR'
Flavors: r-oldrel-macos-arm64, r-oldrel-macos-x86_64