Last updated on 2025-04-30 00:50:00 CEST.
Flavor | Version | Tinstall | Tcheck | Ttotal | Status | Flags |
---|---|---|---|---|---|---|
r-devel-linux-x86_64-debian-clang | 0.1.3.4 | 3.25 | 555.78 | 559.03 | NOTE | |
r-devel-linux-x86_64-debian-gcc | 0.1.3.4 | 2.93 | 285.56 | 288.49 | NOTE | |
r-devel-linux-x86_64-fedora-clang | 0.1.3.4 | 921.52 | OK | |||
r-devel-linux-x86_64-fedora-gcc | 0.1.3.4 | 851.07 | OK | |||
r-devel-windows-x86_64 | 0.1.3.4 | 6.00 | 453.00 | 459.00 | OK | |
r-patched-linux-x86_64 | 0.1.3.4 | 4.60 | 514.16 | 518.76 | OK | |
r-release-linux-x86_64 | 0.1.3.4 | 4.17 | 523.94 | 528.11 | OK | |
r-release-macos-arm64 | 0.1.3.4 | 175.00 | OK | |||
r-release-macos-x86_64 | 0.1.3.4 | 412.00 | OK | |||
r-release-windows-x86_64 | 0.1.3.4 | 6.00 | 434.00 | 440.00 | OK | |
r-oldrel-macos-arm64 | 0.1.3.4 | 120.00 | OK | |||
r-oldrel-macos-x86_64 | 0.1.3.4 | 245.00 | OK | |||
r-oldrel-windows-x86_64 | 0.1.3.4 | 8.00 | 669.00 | 677.00 | OK |
Version: 0.1.3.4
Check: examples
Result: NOTE
Examples with CPU (user + system) or elapsed time > 5s
user system elapsed
PlotSimulation 9.399 0.075 13.982
GenerateHoles 9.184 0.214 13.616
GenerateTissue 6.391 0.047 9.083
GenerateDistributions 5.018 0.048 7.580
Flavor: r-devel-linux-x86_64-debian-clang
Version: 0.1.3.4
Check: examples
Result: NOTE
Examples with CPU (user + system) or elapsed time > 5s
user system elapsed
GenerateHoles 3.983 0.071 5.031
Flavor: r-devel-linux-x86_64-debian-gcc