Last updated on 2025-02-05 00:50:45 CET.
Flavor | Version | Tinstall | Tcheck | Ttotal | Status | Flags |
---|---|---|---|---|---|---|
r-devel-linux-x86_64-debian-clang | 1.0.1 | 6.77 | 57.77 | 64.54 | OK | |
r-devel-linux-x86_64-debian-gcc | 1.0.1 | 4.76 | 45.19 | 49.95 | OK | |
r-devel-linux-x86_64-fedora-clang | 1.0.1 | 103.46 | NOTE | |||
r-devel-linux-x86_64-fedora-gcc | 1.0.1 | 97.18 | NOTE | |||
r-devel-windows-x86_64 | 1.0.1 | 9.00 | 74.00 | 83.00 | OK | |
r-patched-linux-x86_64 | 1.0.1 | 6.24 | 55.98 | 62.22 | NOTE | |
r-release-linux-x86_64 | 1.0.1 | 5.62 | 55.07 | 60.69 | NOTE | |
r-release-macos-arm64 | 1.0.1 | 38.00 | NOTE | |||
r-release-macos-x86_64 | 1.0.1 | 48.00 | NOTE | |||
r-release-windows-x86_64 | 1.0.1 | 8.00 | 71.00 | 79.00 | NOTE | |
r-oldrel-macos-arm64 | 1.0.1 | 36.00 | NOTE | |||
r-oldrel-macos-x86_64 | 1.0.1 | 83.00 | NOTE | |||
r-oldrel-windows-x86_64 | 1.0.1 | 10.00 | 85.00 | 95.00 | NOTE |
Version: 1.0.1
Check: dependencies in R code
Result: NOTE
Namespaces in Imports field not imported from:
‘methods’ ‘pbapply’ ‘utils’
All declared Imports should be used.
Flavors: r-devel-linux-x86_64-fedora-clang, r-devel-linux-x86_64-fedora-gcc
Version: 1.0.1
Check: LazyData
Result: NOTE
'LazyData' is specified without a 'data' directory
Flavors: r-patched-linux-x86_64, r-release-linux-x86_64, r-release-macos-arm64, r-release-macos-x86_64, r-release-windows-x86_64, r-oldrel-macos-arm64, r-oldrel-macos-x86_64, r-oldrel-windows-x86_64