CRAN Package Check Results for Package sctransform

Last updated on 2025-04-29 14:53:48 CEST.

Flavor Version Tinstall Tcheck Ttotal Status Flags
r-devel-linux-x86_64-debian-clang 0.4.1 37.44 107.57 145.01 NOTE
r-devel-linux-x86_64-debian-gcc 0.4.1 29.46 75.80 105.26 NOTE
r-devel-linux-x86_64-fedora-clang 0.4.1 245.85 OK
r-devel-linux-x86_64-fedora-gcc 0.4.1 217.38 OK
r-devel-windows-x86_64 0.4.1 43.00 134.00 177.00 OK
r-patched-linux-x86_64 0.4.1 34.02 100.30 134.32 OK
r-release-linux-x86_64 0.4.1 33.82 100.37 134.19 OK
r-release-macos-arm64 0.4.1 66.00 OK
r-release-macos-x86_64 0.4.1 114.00 OK
r-release-windows-x86_64 0.4.1 45.00 134.00 179.00 OK
r-oldrel-macos-arm64 0.4.1 56.00 NOTE
r-oldrel-macos-x86_64 0.4.1 88.00 OK
r-oldrel-windows-x86_64 0.4.1 49.00 170.00 219.00 OK

Check Details

Version: 0.4.1
Check: CRAN incoming feasibility
Result: NOTE Maintainer: ‘Saket Choudhary <schoudhary@nygenome.org>’ Problems when reading CITATION file: Invalid ORCID iD: ‘000 -0001-9448-8833’. Flavors: r-devel-linux-x86_64-debian-clang, r-devel-linux-x86_64-debian-gcc

Version: 0.4.1
Check: package dependencies
Result: NOTE Package which this enhances but not available for checking: ‘glmGamPoi’ Flavor: r-oldrel-macos-arm64