Last updated on 2024-07-27 16:49:21 CEST.
Flavor | Version | Tinstall | Tcheck | Ttotal | Status | Flags |
---|---|---|---|---|---|---|
r-devel-linux-x86_64-debian-clang | 0.6.0 | 288.88 | 281.14 | 570.02 | OK | |
r-devel-linux-x86_64-debian-gcc | 0.6.0 | OK | ||||
r-devel-linux-x86_64-fedora-clang | 0.6.0 | 619.79 | NOTE | |||
r-devel-linux-x86_64-fedora-gcc | 0.6.0 | 847.13 | OK | |||
r-devel-windows-x86_64 | 0.6.0 | 203.00 | 285.00 | 488.00 | NOTE | |
r-patched-linux-x86_64 | 0.6.0 | OK | ||||
r-release-linux-x86_64 | 0.6.0 | 263.04 | 310.91 | 573.95 | OK | |
r-release-macos-arm64 | 0.6.0 | 201.00 | NOTE | |||
r-release-macos-x86_64 | 0.6.0 | 404.00 | NOTE | |||
r-release-windows-x86_64 | 0.6.0 | 200.00 | 282.00 | 482.00 | NOTE | |
r-oldrel-macos-arm64 | 0.6.0 | 185.00 | NOTE | |||
r-oldrel-macos-x86_64 | 0.6.0 | 400.00 | NOTE | |||
r-oldrel-windows-x86_64 | 0.6.0 | 291.00 | 342.00 | 633.00 | NOTE |
Version: 0.6.0
Check: installed package size
Result: NOTE
installed size is 7.7Mb
sub-directories of 1Mb or more:
libs 5.8Mb
Flavors: r-devel-linux-x86_64-fedora-clang, r-devel-windows-x86_64, r-release-macos-arm64, r-release-macos-x86_64, r-release-windows-x86_64, r-oldrel-macos-arm64, r-oldrel-macos-x86_64, r-oldrel-windows-x86_64