Last updated on 2024-05-02 09:51:59 CEST.
Flavor | Version | Tinstall | Tcheck | Ttotal | Status | Flags |
---|---|---|---|---|---|---|
r-devel-linux-x86_64-debian-clang | 0.2 | 56.91 | 119.57 | 176.48 | NOTE | |
r-devel-linux-x86_64-debian-gcc | 0.2 | 39.27 | 83.11 | 122.38 | NOTE | |
r-devel-linux-x86_64-fedora-clang | 0.2 | 226.97 | NOTE | |||
r-devel-linux-x86_64-fedora-gcc | 0.2 | 216.07 | NOTE | |||
r-devel-windows-x86_64 | 0.2 | 42.00 | 108.00 | 150.00 | NOTE | |
r-patched-linux-x86_64 | 0.2 | 44.86 | 111.76 | 156.62 | NOTE | |
r-release-linux-x86_64 | 0.2 | 43.66 | 110.51 | 154.17 | NOTE | |
r-release-macos-arm64 | 0.2 | 52.00 | NOTE | |||
r-release-windows-x86_64 | 0.2 | 42.00 | 107.00 | 149.00 | NOTE | |
r-oldrel-macos-arm64 | 0.2 | 59.00 | NOTE | |||
r-oldrel-macos-x86_64 | 0.2 | 88.00 | NOTE | |||
r-oldrel-windows-x86_64 | 0.2 | 54.00 | 131.00 | 185.00 | NOTE |
Version: 0.2
Check: C++ specification
Result: NOTE
Specified C++11: please drop specification unless essential
Flavors: r-devel-linux-x86_64-debian-clang, r-devel-linux-x86_64-debian-gcc, r-devel-linux-x86_64-fedora-clang, r-devel-linux-x86_64-fedora-gcc, r-devel-windows-x86_64, r-patched-linux-x86_64, r-release-linux-x86_64, r-release-macos-arm64, r-release-windows-x86_64, r-oldrel-macos-arm64, r-oldrel-macos-x86_64, r-oldrel-windows-x86_64
Version: 0.2
Check: Rd files
Result: NOTE
checkRd: (-1) msdpd.Rd:69: Lost braces in \itemize; meant \describe ?
checkRd: (-1) msdpd.Rd:76: Lost braces in \itemize; meant \describe ?
checkRd: (-1) msdpd.Rd:77: Lost braces in \itemize; meant \describe ?
checkRd: (-1) msdpd.Rd:78: Lost braces in \itemize; meant \describe ?
checkRd: (-1) msdpd.Rd:53: Lost braces in \itemize; \value handles \item{}{} directly
checkRd: (-1) msdpd.Rd:54: Lost braces in \itemize; \value handles \item{}{} directly
checkRd: (-1) msdpd.Rd:55: Lost braces in \itemize; \value handles \item{}{} directly
checkRd: (-1) msdpd.Rd:56: Lost braces in \itemize; \value handles \item{}{} directly
checkRd: (-1) msdpdth.Rd:84: Lost braces in \itemize; meant \describe ?
checkRd: (-1) msdpdth.Rd:91: Lost braces in \itemize; meant \describe ?
checkRd: (-1) msdpdth.Rd:92: Lost braces in \itemize; meant \describe ?
checkRd: (-1) msdpdth.Rd:93: Lost braces in \itemize; meant \describe ?
checkRd: (-1) msdpdth.Rd:65: Lost braces in \itemize; \value handles \item{}{} directly
checkRd: (-1) msdpdth.Rd:66: Lost braces in \itemize; \value handles \item{}{} directly
checkRd: (-1) msdpdth.Rd:67: Lost braces in \itemize; \value handles \item{}{} directly
checkRd: (-1) msdpdth.Rd:68: Lost braces in \itemize; \value handles \item{}{} directly
checkRd: (-1) msdpdth.Rd:69: Lost braces in \itemize; \value handles \item{}{} directly
checkRd: (-1) msdpdth.Rd:70: Lost braces in \itemize; \value handles \item{}{} directly
Flavors: r-devel-linux-x86_64-debian-clang, r-devel-linux-x86_64-debian-gcc, r-devel-linux-x86_64-fedora-clang, r-devel-linux-x86_64-fedora-gcc, r-devel-windows-x86_64, r-patched-linux-x86_64, r-release-linux-x86_64, r-release-macos-arm64, r-release-windows-x86_64