CRAN Package Check Results for Package seeds

Last updated on 2023-11-28 21:48:30 CET.

Flavor Version Tinstall Tcheck Ttotal Status Flags
r-devel-linux-x86_64-debian-clang 0.9.1 7.87 69.53 77.40 OK
r-devel-linux-x86_64-debian-gcc 0.9.1 6.24 52.37 58.61 OK
r-devel-linux-x86_64-fedora-clang 0.9.1 104.80 NOTE
r-devel-linux-x86_64-fedora-gcc 0.9.1 110.41 OK
r-devel-windows-x86_64 0.9.1 8.00 74.00 82.00 OK
r-patched-linux-x86_64 0.9.1 14.90 67.63 82.53 OK
r-release-linux-x86_64 0.9.1 5.63 67.01 72.64 OK
r-release-macos-arm64 0.9.1 39.00 NOTE
r-release-macos-x86_64 0.9.1 57.00 NOTE
r-release-windows-x86_64 0.9.1 11.00 86.00 97.00 OK
r-oldrel-macos-arm64 0.9.1 30.00 NOTE
r-oldrel-macos-x86_64 0.9.1 51.00 NOTE
r-oldrel-windows-x86_64 0.9.1 13.00 88.00 101.00 OK

Check Details

Version: 0.9.1
Check: package dependencies
Result: NOTE Package suggested but not available for checking: ‘rsbml’ Flavors: r-devel-linux-x86_64-fedora-clang, r-release-macos-arm64, r-release-macos-x86_64, r-oldrel-macos-arm64, r-oldrel-macos-x86_64