CRAN Package Check Results for Package sendigR

Last updated on 2024-06-15 19:55:10 CEST.

Flavor Version Tinstall Tcheck Ttotal Status Flags
r-devel-linux-x86_64-debian-clang 1.0.0 14.38 60.45 74.83 OK
r-devel-linux-x86_64-debian-gcc 1.0.0 10.42 43.26 53.68 OK
r-devel-linux-x86_64-fedora-clang 1.0.0 88.37 NOTE
r-devel-linux-x86_64-fedora-gcc 1.0.0 95.95 NOTE
r-devel-windows-x86_64 1.0.0 11.00 65.00 76.00 OK
r-patched-linux-x86_64 1.0.0 8.51 57.07 65.58 OK
r-release-linux-x86_64 1.0.0 7.99 57.12 65.11 OK
r-release-macos-arm64 1.0.0 38.00 OK
r-release-macos-x86_64 1.0.0 53.00 OK
r-release-windows-x86_64 1.0.0 10.00 66.00 76.00 OK
r-oldrel-macos-arm64 1.0.0 38.00 OK
r-oldrel-macos-x86_64 1.0.0 53.00 OK
r-oldrel-windows-x86_64 1.0.0 14.00 75.00 89.00 OK

Check Details

Version: 1.0.0
Check: dependencies in R code
Result: NOTE Namespace in Imports field not imported from: ‘reticulate’ All declared Imports should be used. Flavors: r-devel-linux-x86_64-fedora-clang, r-devel-linux-x86_64-fedora-gcc