Last updated on 2023-11-30 09:49:55 CET.
Flavor | Version | Tinstall | Tcheck | Ttotal | Status | Flags |
---|---|---|---|---|---|---|
r-devel-linux-x86_64-debian-clang | 1.29.0 | 150.24 | 251.36 | 401.60 | OK | |
r-devel-linux-x86_64-debian-gcc | 1.29.0 | 101.69 | 182.62 | 284.31 | OK | |
r-devel-linux-x86_64-fedora-clang | 1.29.0 | 561.91 | OK | |||
r-devel-linux-x86_64-fedora-gcc | 1.29.0 | 497.92 | OK | |||
r-devel-windows-x86_64 | 1.29.0 | 106.00 | 220.00 | 326.00 | OK | |
r-patched-linux-x86_64 | 1.29.0 | 91.20 | 237.46 | 328.66 | OK | |
r-release-linux-x86_64 | 1.29.0 | 89.70 | 237.92 | 327.62 | OK | |
r-release-macos-arm64 | 1.29.0 | 121.00 | NOTE | |||
r-release-macos-x86_64 | 1.29.0 | 218.00 | NOTE | |||
r-release-windows-x86_64 | 1.29.0 | 149.00 | 276.00 | 425.00 | OK | |
r-oldrel-macos-arm64 | 1.29.0 | 103.00 | NOTE | |||
r-oldrel-macos-x86_64 | 1.29.0 | 156.00 | NOTE | |||
r-oldrel-windows-x86_64 | 1.29.0 | 136.00 | 265.00 | 401.00 | OK |
Version: 1.29.0
Check: installed package size
Result: NOTE
installed size is 5.3Mb
sub-directories of 1Mb or more:
R 2.3Mb
libs 2.4Mb
Flavors: r-release-macos-arm64, r-release-macos-x86_64, r-oldrel-macos-arm64, r-oldrel-macos-x86_64