Last updated on 2025-02-04 22:49:57 CET.
Flavor | Version | Tinstall | Tcheck | Ttotal | Status | Flags |
---|---|---|---|---|---|---|
r-devel-linux-x86_64-debian-clang | 1.01 | 2.33 | 20.72 | 23.05 | OK | |
r-devel-linux-x86_64-debian-gcc | 1.01 | 1.75 | 16.64 | 18.39 | OK | |
r-devel-linux-x86_64-fedora-clang | 1.01 | 37.56 | OK | |||
r-devel-linux-x86_64-fedora-gcc | 1.01 | 34.76 | OK | |||
r-devel-windows-x86_64 | 1.01 | 3.00 | 44.00 | 47.00 | OK | |
r-patched-linux-x86_64 | 1.01 | 2.48 | 19.64 | 22.12 | NOTE | |
r-release-linux-x86_64 | 1.01 | 2.31 | 20.17 | 22.48 | NOTE | |
r-release-macos-arm64 | 1.01 | 16.00 | NOTE | |||
r-release-macos-x86_64 | 1.01 | 22.00 | NOTE | |||
r-release-windows-x86_64 | 1.01 | 3.00 | 45.00 | 48.00 | NOTE | |
r-oldrel-macos-arm64 | 1.01 | 18.00 | NOTE | |||
r-oldrel-macos-x86_64 | 1.01 | 23.00 | NOTE | |||
r-oldrel-windows-x86_64 | 1.01 | 3.00 | 44.00 | 47.00 | NOTE |
Version: 1.01
Check: LazyData
Result: NOTE
'LazyData' is specified without a 'data' directory
Flavors: r-patched-linux-x86_64, r-release-linux-x86_64, r-release-macos-arm64, r-release-macos-x86_64, r-release-windows-x86_64, r-oldrel-macos-arm64, r-oldrel-macos-x86_64, r-oldrel-windows-x86_64