Last updated on 2024-07-27 16:49:21 CEST.
Flavor | Version | Tinstall | Tcheck | Ttotal | Status | Flags |
---|---|---|---|---|---|---|
r-devel-linux-x86_64-debian-clang | 0.7.3 | 77.23 | 392.86 | 470.09 | OK | |
r-devel-linux-x86_64-debian-gcc | 0.7.3 | NOTE | ||||
r-devel-linux-x86_64-fedora-clang | 0.7.3 | 710.13 | NOTE | |||
r-devel-linux-x86_64-fedora-gcc | 0.7.3 | 629.42 | NOTE | |||
r-devel-windows-x86_64 | 0.7.3 | 59.00 | 337.00 | 396.00 | NOTE | |
r-patched-linux-x86_64 | 0.7.3 | OK | ||||
r-release-linux-x86_64 | 0.7.3 | 67.18 | 494.58 | 561.76 | OK | |
r-release-macos-arm64 | 0.7.3 | 201.00 | NOTE | |||
r-release-macos-x86_64 | 0.7.3 | 255.00 | NOTE | |||
r-release-windows-x86_64 | 0.7.3 | 72.00 | 345.00 | 417.00 | OK | |
r-oldrel-macos-arm64 | 0.7.3 | 189.00 | NOTE | |||
r-oldrel-macos-x86_64 | 0.7.3 | 386.00 | NOTE | |||
r-oldrel-windows-x86_64 | 0.7.3 | 71.00 | 422.00 | 493.00 | OK |
Version: 0.7.3
Check: Rd cross-references
Result: NOTE
Found the following Rd file(s) with Rd \link{} targets missing package
anchors:
PicaultRenault.Rd: data.table
as.tokens.dfm.Rd: dfm
compute_PicaultRenault_scores.Rd: dfm
get_ECB_press_conferences.Rd: data.table
melt.sentopicmodel.Rd: data.table
Please provide package anchors for all Rd \link{} targets not in the
package itself and the base packages.
Flavors: r-devel-linux-x86_64-debian-gcc, r-devel-windows-x86_64
Version: 0.7.3
Check: Rd cross-references
Result: NOTE
Undeclared package ‘lexicon’ in Rd xrefs
Flavor: r-devel-linux-x86_64-fedora-clang
Version: 0.7.3
Check: data for non-ASCII characters
Result: NOTE
Note: found 3128 marked UTF-8 strings
Flavors: r-devel-linux-x86_64-fedora-clang, r-devel-linux-x86_64-fedora-gcc
Version: 0.7.3
Check: installed package size
Result: NOTE
installed size is 6.3Mb
sub-directories of 1Mb or more:
data 1.2Mb
libs 4.3Mb
Flavors: r-release-macos-arm64, r-release-macos-x86_64, r-oldrel-macos-arm64, r-oldrel-macos-x86_64