Last updated on 2025-04-30 13:54:29 CEST.
Flavor | Version | Tinstall | Tcheck | Ttotal | Status | Flags |
---|---|---|---|---|---|---|
r-devel-linux-x86_64-debian-clang | 1.3.0 | 16.73 | 158.87 | 175.60 | NOTE | |
r-devel-linux-x86_64-debian-gcc | 1.3.0 | 11.99 | 112.31 | 124.30 | OK | |
r-devel-linux-x86_64-fedora-clang | 1.3.0 | 278.22 | OK | |||
r-devel-linux-x86_64-fedora-gcc | 1.3.0 | 243.82 | OK | |||
r-devel-windows-x86_64 | 1.3.0 | 22.00 | 183.00 | 205.00 | OK | |
r-patched-linux-x86_64 | 1.3.0 | 18.04 | 145.35 | 163.39 | OK | |
r-release-linux-x86_64 | 1.3.0 | 17.66 | 143.98 | 161.64 | OK | |
r-release-macos-arm64 | 1.3.0 | 81.00 | OK | |||
r-release-macos-x86_64 | 1.3.0 | 98.00 | OK | |||
r-release-windows-x86_64 | 1.3.0 | 20.00 | 182.00 | 202.00 | OK | |
r-oldrel-macos-arm64 | 1.3.0 | 79.00 | OK | |||
r-oldrel-macos-x86_64 | 1.3.0 | 114.00 | OK | |||
r-oldrel-windows-x86_64 | 1.3.0 | 25.00 | 229.00 | 254.00 | OK |
Version: 1.3.0
Check: examples
Result: NOTE
Examples with CPU (user + system) or elapsed time > 5s
user system elapsed
graph.curve.params 6.704 0.103 10.358
Flavor: r-devel-linux-x86_64-debian-clang