Last updated on 2024-07-27 16:49:21 CEST.
Flavor | Version | Tinstall | Tcheck | Ttotal | Status | Flags |
---|---|---|---|---|---|---|
r-devel-linux-x86_64-debian-clang | 0.8 | 7.50 | 67.72 | 75.22 | OK | |
r-devel-linux-x86_64-debian-gcc | 0.8 | OK | ||||
r-devel-linux-x86_64-fedora-clang | 0.8 | 89.96 | NOTE | |||
r-devel-linux-x86_64-fedora-gcc | 0.8 | 84.34 | NOTE | |||
r-devel-windows-x86_64 | 0.8 | 9.00 | 65.00 | 74.00 | OK | |
r-patched-linux-x86_64 | 0.8 | OK | ||||
r-release-linux-x86_64 | 0.8 | 6.46 | 62.46 | 68.92 | OK | |
r-release-macos-arm64 | 0.8 | 29.00 | OK | |||
r-release-macos-x86_64 | 0.8 | 46.00 | OK | |||
r-release-windows-x86_64 | 0.8 | 7.00 | 65.00 | 72.00 | OK | |
r-oldrel-macos-arm64 | 0.8 | 29.00 | OK | |||
r-oldrel-macos-x86_64 | 0.8 | 43.00 | OK | |||
r-oldrel-windows-x86_64 | 0.8 | 9.00 | 80.00 | 89.00 | OK |
Version: 0.8
Check: dependencies in R code
Result: NOTE
Namespace in Imports field not imported from: ‘rlang’
All declared Imports should be used.
Flavors: r-devel-linux-x86_64-fedora-clang, r-devel-linux-x86_64-fedora-gcc