Last updated on 2024-05-02 11:51:35 CEST.
Flavor | Version | Tinstall | Tcheck | Ttotal | Status | Flags |
---|---|---|---|---|---|---|
r-devel-linux-x86_64-debian-clang | 0.8 | 4.70 | 66.11 | 70.81 | OK | |
r-devel-linux-x86_64-debian-gcc | 0.8 | 5.17 | 48.50 | 53.67 | OK | |
r-devel-linux-x86_64-fedora-clang | 0.8 | 92.16 | NOTE | |||
r-devel-linux-x86_64-fedora-gcc | 0.8 | 89.33 | NOTE | |||
r-devel-windows-x86_64 | 0.8 | 8.00 | 65.00 | 73.00 | OK | |
r-patched-linux-x86_64 | 0.8 | 6.03 | 65.03 | 71.06 | OK | |
r-release-linux-x86_64 | 0.8 | 7.33 | 60.82 | 68.15 | OK | |
r-release-macos-arm64 | 0.8 | 29.00 | OK | |||
r-release-windows-x86_64 | 0.8 | 7.00 | 64.00 | 71.00 | OK | |
r-oldrel-macos-arm64 | 0.8 | 29.00 | OK | |||
r-oldrel-macos-x86_64 | 0.8 | 43.00 | OK | |||
r-oldrel-windows-x86_64 | 0.8 | 10.00 | 74.00 | 84.00 | OK |
Version: 0.8
Check: dependencies in R code
Result: NOTE
Namespace in Imports field not imported from: ‘rlang’
All declared Imports should be used.
Flavors: r-devel-linux-x86_64-fedora-clang, r-devel-linux-x86_64-fedora-gcc