Last updated on 2023-11-30 10:49:01 CET.
Flavor | Version | Tinstall | Tcheck | Ttotal | Status | Flags |
---|---|---|---|---|---|---|
r-devel-linux-x86_64-debian-clang | 2.2 | 18.92 | 169.75 | 188.67 | NOTE | |
r-devel-linux-x86_64-debian-gcc | 2.2 | 15.27 | 122.29 | 137.56 | NOTE | |
r-devel-linux-x86_64-fedora-clang | 2.2 | 251.14 | NOTE | |||
r-devel-linux-x86_64-fedora-gcc | 2.2 | 234.18 | NOTE | |||
r-devel-windows-x86_64 | 2.2 | 16.00 | 137.00 | 153.00 | NOTE | |
r-patched-linux-x86_64 | 2.2 | 21.73 | 159.40 | 181.13 | NOTE | |
r-release-linux-x86_64 | 2.2 | 16.40 | 161.54 | 177.94 | NOTE | |
r-release-macos-arm64 | 2.2 | 64.00 | NOTE | |||
r-release-macos-x86_64 | 2.2 | 134.00 | NOTE | |||
r-release-windows-x86_64 | 2.2 | 21.00 | 175.00 | 196.00 | NOTE | |
r-oldrel-macos-arm64 | 2.2 | 66.00 | NOTE | |||
r-oldrel-macos-x86_64 | 2.2 | 93.00 | NOTE | |||
r-oldrel-windows-x86_64 | 2.2 | 22.00 | 171.00 | 193.00 | NOTE |
Version: 2.2
Check: package dependencies
Result: NOTE
Package suggested but not available for checking: ‘hydromad’
Flavors: r-devel-linux-x86_64-debian-clang, r-devel-linux-x86_64-debian-gcc, r-devel-linux-x86_64-fedora-clang, r-devel-linux-x86_64-fedora-gcc, r-devel-windows-x86_64, r-patched-linux-x86_64, r-release-linux-x86_64, r-release-macos-arm64, r-release-macos-x86_64, r-release-windows-x86_64, r-oldrel-macos-arm64, r-oldrel-macos-x86_64, r-oldrel-windows-x86_64
Version: 2.2
Check: Rd files
Result: NOTE
checkRd: (-1) monthlyWB.Rd:41: Lost braces in \itemize; \value handles \item{}{} directly
checkRd: (-1) monthlyWB.Rd:42: Lost braces in \itemize; \value handles \item{}{} directly
checkRd: (-1) monthlyWB.Rd:43: Lost braces in \itemize; \value handles \item{}{} directly
checkRd: (-1) monthlyWB.Rd:44: Lost braces in \itemize; \value handles \item{}{} directly
checkRd: (-1) monthlyWB.Rd:45: Lost braces in \itemize; \value handles \item{}{} directly
checkRd: (-1) monthlyWB.Rd:46: Lost braces in \itemize; \value handles \item{}{} directly
checkRd: (-1) monthlyWB.Rd:47: Lost braces in \itemize; \value handles \item{}{} directly
checkRd: (-1) monthlyWB.Rd:48: Lost braces in \itemize; \value handles \item{}{} directly
Flavors: r-devel-linux-x86_64-debian-clang, r-devel-linux-x86_64-debian-gcc