Last updated on 2025-04-30 01:50:37 CEST.
Flavor | Version | Tinstall | Tcheck | Ttotal | Status | Flags |
---|---|---|---|---|---|---|
r-devel-linux-x86_64-debian-clang | 0.5.2 | 11.35 | 71.24 | 82.59 | NOTE | |
r-devel-linux-x86_64-debian-gcc | 0.5.2 | 7.23 | 51.13 | 58.36 | OK | |
r-devel-linux-x86_64-fedora-clang | 0.5.2 | 138.22 | OK | |||
r-devel-linux-x86_64-fedora-gcc | 0.5.2 | 144.81 | OK | |||
r-devel-windows-x86_64 | 0.5.2 | 15.00 | 88.00 | 103.00 | OK | |
r-patched-linux-x86_64 | 0.5.2 | 13.91 | 65.62 | 79.53 | OK | |
r-release-linux-x86_64 | 0.5.2 | 10.17 | 66.29 | 76.46 | OK | |
r-release-macos-arm64 | 0.5.2 | 43.00 | OK | |||
r-release-macos-x86_64 | 0.5.2 | 82.00 | OK | |||
r-release-windows-x86_64 | 0.5.2 | 16.00 | 91.00 | 107.00 | OK | |
r-oldrel-macos-arm64 | 0.5.2 | 45.00 | OK | |||
r-oldrel-macos-x86_64 | 0.5.2 | 77.00 | OK | |||
r-oldrel-windows-x86_64 | 0.5.2 | 18.00 | 107.00 | 125.00 | OK |
Version: 0.5.2
Check: examples
Result: NOTE
Examples with CPU (user + system) or elapsed time > 5s
user system elapsed
DBI_tables_create 3.11 0.369 5.587
Flavor: r-devel-linux-x86_64-debian-clang