CRAN Package Check Results for Package shinyCohortBuilder

Last updated on 2025-05-01 06:49:44 CEST.

Flavor Version Tinstall Tcheck Ttotal Status Flags
r-devel-linux-x86_64-debian-clang 0.3.1 7.61 63.79 71.40 NOTE
r-devel-linux-x86_64-debian-gcc 0.3.1 4.73 46.36 51.09 NOTE
r-devel-linux-x86_64-fedora-clang 0.3.1 115.92 NOTE
r-devel-linux-x86_64-fedora-gcc 0.3.1 116.85 NOTE
r-devel-windows-x86_64 0.3.1 10.00 85.00 95.00 NOTE
r-patched-linux-x86_64 0.3.1 5.65 58.73 64.38 NOTE
r-release-linux-x86_64 0.3.1 7.25 58.37 65.62 NOTE
r-release-macos-arm64 0.3.1 48.00 NOTE
r-release-macos-x86_64 0.3.1 73.00 NOTE
r-release-windows-x86_64 0.3.1 10.00 92.00 102.00 NOTE
r-oldrel-macos-arm64 0.3.1 47.00 OK
r-oldrel-macos-x86_64 0.3.1 74.00 OK
r-oldrel-windows-x86_64 0.3.1 11.00 98.00 109.00 OK

Check Details

Version: 0.3.1
Check: DESCRIPTION meta-information
Result: NOTE Missing dependency on R >= 4.1.0 because package code uses the pipe |> or function shorthand \(...) syntax added in R 4.1.0. File(s) using such syntax: ‘filter_discrete.R’ ‘filter_query.R’ ‘renders.R’ Flavors: r-devel-linux-x86_64-debian-clang, r-devel-linux-x86_64-debian-gcc, r-devel-linux-x86_64-fedora-clang, r-devel-linux-x86_64-fedora-gcc, r-devel-windows-x86_64, r-patched-linux-x86_64, r-release-linux-x86_64, r-release-macos-arm64, r-release-macos-x86_64, r-release-windows-x86_64