Last updated on 2023-11-28 10:53:42 CET.
Flavor | Version | Tinstall | Tcheck | Ttotal | Status | Flags |
---|---|---|---|---|---|---|
r-devel-linux-x86_64-debian-clang | 1.0.0 | 9.36 | 87.84 | 97.20 | NOTE | |
r-devel-linux-x86_64-debian-gcc | 1.0.0 | 6.01 | 66.93 | 72.94 | NOTE | |
r-devel-linux-x86_64-fedora-clang | 1.0.0 | 118.66 | OK | |||
r-devel-linux-x86_64-fedora-gcc | 1.0.0 | 126.21 | OK | |||
r-devel-windows-x86_64 | 1.0.0 | 9.00 | 125.00 | 134.00 | OK | |
r-patched-linux-x86_64 | 1.0.0 | 10.59 | 86.22 | 96.81 | OK | |
r-release-linux-x86_64 | 1.0.0 | 8.28 | 84.74 | 93.02 | OK | |
r-release-macos-arm64 | 1.0.0 | 61.00 | OK | |||
r-release-macos-x86_64 | 1.0.0 | 82.00 | OK | |||
r-release-windows-x86_64 | 1.0.0 | 12.00 | 136.00 | 148.00 | OK | |
r-oldrel-macos-arm64 | 1.0.0 | 41.00 | OK | |||
r-oldrel-macos-x86_64 | 1.0.0 | 57.00 | OK | |||
r-oldrel-windows-x86_64 | 1.0.0 | 13.00 | 111.00 | 124.00 | OK |
Version: 1.0.0
Check: Rd files
Result: NOTE
checkRd: (-1) messages.Rd:40: Lost braces
40 | \item{id}{Reference to link{f7Messages} container.}
| ^
Flavors: r-devel-linux-x86_64-debian-clang, r-devel-linux-x86_64-debian-gcc