Last updated on 2024-05-02 05:12:52 CEST.
Flavor | Version | Tinstall | Tcheck | Ttotal | Status | Flags |
---|---|---|---|---|---|---|
r-devel-linux-x86_64-debian-clang | 0.2 | 9.70 | 76.08 | 85.78 | NOTE | |
r-devel-linux-x86_64-debian-gcc | 0.2 | 7.81 | 56.60 | 64.41 | NOTE | |
r-devel-linux-x86_64-fedora-clang | 0.2 | 109.72 | NOTE | |||
r-devel-linux-x86_64-fedora-gcc | 0.2 | 100.16 | NOTE | |||
r-devel-windows-x86_64 | 0.2 | 11.00 | 73.00 | 84.00 | NOTE | |
r-patched-linux-x86_64 | 0.2 | 6.49 | 71.75 | 78.24 | NOTE | |
r-release-linux-x86_64 | 0.2 | 5.54 | 71.50 | 77.04 | NOTE | |
r-release-macos-arm64 | 0.2 | 32.00 | NOTE | |||
r-release-windows-x86_64 | 0.2 | 9.00 | 73.00 | 82.00 | NOTE | |
r-oldrel-macos-arm64 | 0.2 | 35.00 | NOTE | |||
r-oldrel-macos-x86_64 | 0.2 | 54.00 | NOTE | |||
r-oldrel-windows-x86_64 | 0.2 | 11.00 | 85.00 | 96.00 | NOTE |
Version: 0.2
Check: LazyData
Result: NOTE
'LazyData' is specified without a 'data' directory
Flavors: r-devel-linux-x86_64-debian-clang, r-devel-linux-x86_64-debian-gcc, r-devel-linux-x86_64-fedora-clang, r-devel-linux-x86_64-fedora-gcc, r-devel-windows-x86_64, r-patched-linux-x86_64, r-release-linux-x86_64, r-release-macos-arm64, r-release-windows-x86_64, r-oldrel-macos-arm64, r-oldrel-macos-x86_64, r-oldrel-windows-x86_64