Last updated on 2024-08-31 22:49:50 CEST.
Flavor | Version | Tinstall | Tcheck | Ttotal | Status | Flags |
---|---|---|---|---|---|---|
r-devel-linux-x86_64-debian-clang | 1.0.0.1 | 5.53 | 35.15 | 40.68 | OK | |
r-devel-linux-x86_64-debian-gcc | 1.0.0.1 | 4.47 | 26.32 | 30.79 | OK | |
r-devel-linux-x86_64-fedora-clang | 1.0.0.1 | 69.14 | NOTE | |||
r-devel-linux-x86_64-fedora-gcc | 1.0.0.1 | 61.20 | NOTE | |||
r-devel-windows-x86_64 | 1.0.0.1 | 9.00 | 54.00 | 63.00 | OK | |
r-patched-linux-x86_64 | 1.0.0.1 | 6.23 | 33.52 | 39.75 | OK | |
r-release-linux-x86_64 | 1.0.0.1 | 6.09 | 33.40 | 39.49 | OK | |
r-release-macos-arm64 | 1.0.0.1 | 21.00 | OK | |||
r-release-macos-x86_64 | 1.0.0.1 | 35.00 | OK | |||
r-release-windows-x86_64 | 1.0.0.1 | 9.00 | 55.00 | 64.00 | OK | |
r-oldrel-macos-arm64 | 1.0.0.1 | 30.00 | OK | |||
r-oldrel-macos-x86_64 | 1.0.0.1 | 43.00 | OK | |||
r-oldrel-windows-x86_64 | 1.0.0.1 | 9.00 | 61.00 | 70.00 | OK |
Version: 1.0.0.1
Check: dependencies in R code
Result: NOTE
Namespaces in Imports field not imported from:
‘DT’ ‘billboarder’ ‘glue’ ‘scrypt’ ‘yaml’
All declared Imports should be used.
Flavors: r-devel-linux-x86_64-fedora-clang, r-devel-linux-x86_64-fedora-gcc