CRAN Package Check Results for Package shinyloadtest

Last updated on 2023-11-30 16:49:37 CET.

Flavor Version Tinstall Tcheck Ttotal Status Flags
r-devel-linux-x86_64-debian-clang 1.1.0 8.26 56.66 64.92 OK
r-devel-linux-x86_64-debian-gcc 1.1.0 6.98 41.86 48.84 OK
r-devel-linux-x86_64-fedora-clang 1.1.0 80.28 NOTE
r-devel-linux-x86_64-fedora-gcc 1.1.0 77.06 NOTE
r-devel-windows-x86_64 1.1.0 8.00 60.00 68.00 OK
r-patched-linux-x86_64 1.1.0 7.56 52.64 60.20 OK
r-release-linux-x86_64 1.1.0 7.56 52.86 60.42 OK
r-release-macos-arm64 1.1.0 27.00 OK
r-release-macos-x86_64 1.1.0 40.00 OK
r-release-windows-x86_64 1.1.0 12.00 73.00 85.00 OK
r-oldrel-macos-arm64 1.1.0 25.00 NOTE
r-oldrel-macos-x86_64 1.1.0 54.00 NOTE
r-oldrel-windows-x86_64 1.1.0 12.00 74.00 86.00 OK

Check Details

Version: 1.1.0
Check: dependencies in R code
Result: NOTE Namespaces in Imports field not imported from: ‘R6’ ‘scales’ ‘websocket’ All declared Imports should be used. Flavors: r-devel-linux-x86_64-fedora-clang, r-devel-linux-x86_64-fedora-gcc, r-oldrel-macos-arm64, r-oldrel-macos-x86_64