CRAN Package Check Results for Package shinyobjects

Last updated on 2025-04-30 00:50:00 CEST.

Flavor Version Tinstall Tcheck Ttotal Status Flags
r-devel-linux-x86_64-debian-clang 0.2.0 6.16 63.70 69.86 OK
r-devel-linux-x86_64-debian-gcc 0.2.0 5.07 44.40 49.47 OK
r-devel-linux-x86_64-fedora-clang 0.2.0 109.82 NOTE
r-devel-linux-x86_64-fedora-gcc 0.2.0 112.22 NOTE
r-devel-windows-x86_64 0.2.0 10.00 86.00 96.00 OK
r-patched-linux-x86_64 0.2.0 7.05 56.58 63.63 OK
r-release-linux-x86_64 0.2.0 6.50 57.15 63.65 OK
r-release-macos-arm64 0.2.0 46.00 OK
r-release-macos-x86_64 0.2.0 69.00 OK
r-release-windows-x86_64 0.2.0 11.00 81.00 92.00 OK
r-oldrel-macos-arm64 0.2.0 39.00 NOTE
r-oldrel-macos-x86_64 0.2.0 58.00 NOTE
r-oldrel-windows-x86_64 0.2.0 11.00 96.00 107.00 NOTE

Check Details

Version: 0.2.0
Check: dependencies in R code
Result: NOTE Namespace in Imports field not imported from: ‘purrr’ All declared Imports should be used. Flavors: r-devel-linux-x86_64-fedora-clang, r-devel-linux-x86_64-fedora-gcc

Version: 0.2.0
Check: LazyData
Result: NOTE 'LazyData' is specified without a 'data' directory Flavors: r-oldrel-macos-arm64, r-oldrel-macos-x86_64, r-oldrel-windows-x86_64