Last updated on 2025-04-30 01:50:37 CEST.
Flavor | Version | Tinstall | Tcheck | Ttotal | Status | Flags |
---|---|---|---|---|---|---|
r-devel-linux-x86_64-debian-clang | 0.3.0 | 4.53 | 129.73 | 134.26 | NOTE | |
r-devel-linux-x86_64-debian-gcc | 0.3.0 | 3.19 | 92.92 | 96.11 | NOTE | |
r-devel-linux-x86_64-fedora-clang | 0.3.0 | 208.99 | OK | |||
r-devel-linux-x86_64-fedora-gcc | 0.3.0 | 213.96 | OK | |||
r-devel-windows-x86_64 | 0.3.0 | 10.00 | 146.00 | 156.00 | OK | |
r-patched-linux-x86_64 | 0.3.0 | 5.11 | 123.01 | 128.12 | OK | |
r-release-linux-x86_64 | 0.3.0 | 4.98 | 123.93 | 128.91 | OK | |
r-release-macos-arm64 | 0.3.0 | 471.00 | OK | |||
r-release-macos-x86_64 | 0.3.0 | 452.00 | OK | |||
r-release-windows-x86_64 | 0.3.0 | 8.00 | 150.00 | 158.00 | OK | |
r-oldrel-macos-arm64 | 0.3.0 | 370.00 | OK | |||
r-oldrel-macos-x86_64 | 0.3.0 | 467.00 | OK | |||
r-oldrel-windows-x86_64 | 0.3.0 | 10.00 | 187.00 | 197.00 | OK |
Version: 0.3.0
Check: examples
Result: NOTE
Examples with CPU (user + system) or elapsed time > 5s
user system elapsed
plot_hist 9.692 0.199 11.546
Flavor: r-devel-linux-x86_64-debian-clang
Version: 0.3.0
Check: examples
Result: NOTE
Examples with CPU (user + system) or elapsed time > 5s
user system elapsed
plot_hist 6.059 0.243 7.857
Flavor: r-devel-linux-x86_64-debian-gcc