CRAN Package Check Results for Package shopifyr

Last updated on 2024-07-20 10:48:22 CEST.

Flavor Version Tinstall Tcheck Ttotal Status Flags
r-devel-linux-x86_64-debian-clang 1.0.0 8.08 40.66 48.74 OK
r-devel-linux-x86_64-debian-gcc 1.0.0 5.70 30.42 36.12 OK
r-devel-linux-x86_64-fedora-clang 1.0.0 59.70 OK
r-devel-linux-x86_64-fedora-gcc 1.0.0 55.75 OK
r-devel-windows-x86_64 1.0.0 7.00 63.00 70.00 NOTE
r-patched-linux-x86_64 1.0.0 11.78 38.78 50.56 OK
r-release-linux-x86_64 1.0.0 7.13 39.41 46.54 OK
r-release-macos-arm64 1.0.0 21.00 OK
r-release-macos-x86_64 1.0.0 31.00 OK
r-release-windows-x86_64 1.0.0 6.00 62.00 68.00 OK
r-oldrel-macos-arm64 1.0.0 22.00 OK
r-oldrel-macos-x86_64 1.0.0 31.00 OK
r-oldrel-windows-x86_64 1.0.0 6.00 65.00 71.00 OK

Check Details

Version: 1.0.0
Check: Rd cross-references
Result: NOTE Found the following Rd file(s) with Rd \link{} targets missing package anchors: ShopifyShop.Rd: R6 Please provide package anchors for all Rd \link{} targets not in the package itself and the base packages. Flavor: r-devel-windows-x86_64