Last updated on 2025-02-04 16:49:24 CET.
Flavor | Version | Tinstall | Tcheck | Ttotal | Status | Flags |
---|---|---|---|---|---|---|
r-devel-linux-x86_64-debian-clang | 0.2.0 | 58.62 | 35.64 | 94.26 | NOTE | |
r-devel-linux-x86_64-debian-gcc | 0.2.0 | 42.70 | 26.33 | 69.03 | NOTE | |
r-devel-linux-x86_64-fedora-clang | 0.2.0 | 169.37 | NOTE | |||
r-devel-linux-x86_64-fedora-gcc | 0.2.0 | 184.65 | NOTE | |||
r-devel-windows-x86_64 | 0.2.0 | 62.00 | 78.00 | 140.00 | NOTE | |
r-patched-linux-x86_64 | 0.2.0 | 63.75 | 32.89 | 96.64 | NOTE | |
r-release-linux-x86_64 | 0.2.0 | 62.24 | 32.95 | 95.19 | NOTE | |
r-release-macos-arm64 | 0.2.0 | 39.00 | NOTE | |||
r-release-macos-x86_64 | 0.2.0 | 48.00 | NOTE | |||
r-release-windows-x86_64 | 0.2.0 | 63.00 | 82.00 | 145.00 | NOTE | |
r-oldrel-macos-arm64 | 0.2.0 | 51.00 | NOTE | |||
r-oldrel-macos-x86_64 | 0.2.0 | 80.00 | NOTE | |||
r-oldrel-windows-x86_64 | 0.2.0 | 71.00 | 87.00 | 158.00 | NOTE |
Version: 0.2.0
Check: C++ specification
Result: NOTE
Specified C++11: please drop specification unless essential
Flavors: r-devel-linux-x86_64-debian-clang, r-devel-linux-x86_64-debian-gcc, r-devel-linux-x86_64-fedora-clang, r-devel-linux-x86_64-fedora-gcc, r-devel-windows-x86_64, r-patched-linux-x86_64, r-release-linux-x86_64, r-release-macos-arm64, r-release-macos-x86_64, r-release-windows-x86_64, r-oldrel-macos-arm64, r-oldrel-macos-x86_64, r-oldrel-windows-x86_64
Version: 0.2.0
Check: Rd cross-references
Result: NOTE
Found the following Rd file(s) with Rd \link{} targets missing package
anchors:
shrinkDSM.Rd: shrinkTVP
Please provide package anchors for all Rd \link{} targets not in the
package itself and the base packages.
Flavors: r-devel-linux-x86_64-debian-clang, r-devel-linux-x86_64-debian-gcc, r-devel-windows-x86_64
Version: 0.2.0
Check: installed package size
Result: NOTE
installed size is 5.1Mb
sub-directories of 1Mb or more:
libs 4.9Mb
Flavors: r-release-macos-arm64, r-release-macos-x86_64, r-oldrel-macos-arm64, r-oldrel-macos-x86_64