CRAN Package Check Results for Package siebanxicor

Last updated on 2025-02-03 21:50:56 CET.

Flavor Version Tinstall Tcheck Ttotal Status Flags
r-devel-linux-x86_64-debian-clang 1.0.0 1.89 18.45 20.34 OK
r-devel-linux-x86_64-debian-gcc 1.0.0 1.36 15.12 16.48 OK
r-devel-linux-x86_64-fedora-clang 1.0.0 33.29 OK
r-devel-linux-x86_64-fedora-gcc 1.0.0 31.15 OK
r-devel-windows-x86_64 1.0.0 3.00 47.00 50.00 OK
r-patched-linux-x86_64 1.0.0 1.73 17.41 19.14 NOTE
r-release-linux-x86_64 1.0.0 1.45 17.60 19.05 NOTE
r-release-macos-arm64 1.0.0 17.00 NOTE
r-release-macos-x86_64 1.0.0 22.00 NOTE
r-release-windows-x86_64 1.0.0 4.00 54.00 58.00 NOTE
r-oldrel-macos-arm64 1.0.0 17.00 NOTE
r-oldrel-macos-x86_64 1.0.0 20.00 NOTE
r-oldrel-windows-x86_64 1.0.0 4.00 47.00 51.00 NOTE

Check Details

Version: 1.0.0
Check: LazyData
Result: NOTE 'LazyData' is specified without a 'data' directory Flavors: r-patched-linux-x86_64, r-release-linux-x86_64, r-release-macos-arm64, r-release-macos-x86_64, r-release-windows-x86_64, r-oldrel-macos-arm64, r-oldrel-macos-x86_64, r-oldrel-windows-x86_64