Last updated on 2025-05-01 03:50:03 CEST.
Flavor | Version | Tinstall | Tcheck | Ttotal | Status | Flags |
---|---|---|---|---|---|---|
r-devel-linux-x86_64-debian-clang | 1.0.0 | 15.54 | 133.02 | 148.56 | NOTE | |
r-devel-linux-x86_64-debian-gcc | 1.0.0 | 10.04 | 89.35 | 99.39 | NOTE | |
r-devel-linux-x86_64-fedora-clang | 1.0.0 | 227.18 | OK | |||
r-devel-linux-x86_64-fedora-gcc | 1.0.0 | 213.85 | OK | |||
r-devel-windows-x86_64 | 1.0.0 | 17.00 | 147.00 | 164.00 | NOTE | |
r-patched-linux-x86_64 | 1.0.0 | 18.57 | 124.48 | 143.05 | NOTE | |
r-release-linux-x86_64 | 1.0.0 | 14.47 | 126.85 | 141.32 | NOTE | |
r-release-macos-arm64 | 1.0.0 | 55.00 | OK | |||
r-release-macos-x86_64 | 1.0.0 | 106.00 | OK | |||
r-release-windows-x86_64 | 1.0.0 | 16.00 | 151.00 | 167.00 | NOTE | |
r-oldrel-macos-arm64 | 1.0.0 | 55.00 | OK | |||
r-oldrel-macos-x86_64 | 1.0.0 | 84.00 | OK | |||
r-oldrel-windows-x86_64 | 1.0.0 | 20.00 | 186.00 | 206.00 | OK |
Version: 1.0.0
Check: Rd cross-references
Result: NOTE
Found the following Rd file(s) with Rd \link{} targets missing package
anchors:
survivalForest.Rd: forestplot
Please provide package anchors for all Rd \link{} targets not in the
package itself and the base packages.
Flavors: r-devel-linux-x86_64-debian-clang, r-devel-linux-x86_64-debian-gcc, r-devel-windows-x86_64, r-patched-linux-x86_64, r-release-linux-x86_64, r-release-windows-x86_64
Version: 1.0.0
Check: examples
Result: NOTE
Examples with CPU (user + system) or elapsed time > 5s
user system elapsed
signatureExp 7.883 0.122 8.71
Flavor: r-devel-linux-x86_64-debian-clang