Last updated on 2023-12-09 07:49:47 CET.
Flavor | Version | Tinstall | Tcheck | Ttotal | Status | Flags |
---|---|---|---|---|---|---|
r-devel-linux-x86_64-debian-clang | 1.3.13 | 15.43 | 223.59 | 239.02 | NOTE | |
r-devel-linux-x86_64-debian-gcc | 1.3.13 | 11.81 | 159.80 | 171.61 | NOTE | |
r-devel-linux-x86_64-fedora-clang | 1.3.13 | 289.49 | OK | |||
r-devel-linux-x86_64-fedora-gcc | 1.3.13 | 289.76 | OK | |||
r-devel-windows-x86_64 | 1.3.13 | 15.00 | 188.00 | 203.00 | OK | |
r-patched-linux-x86_64 | 1.3.13 | 19.15 | 204.96 | 224.11 | OK | |
r-release-linux-x86_64 | 1.3.13 | 13.58 | 199.81 | 213.39 | OK | |
r-release-macos-arm64 | 1.3.13 | 101.00 | OK | |||
r-release-macos-x86_64 | 1.3.13 | 155.00 | OK | |||
r-release-windows-x86_64 | 1.3.13 | 19.00 | 230.00 | 249.00 | OK | |
r-oldrel-macos-arm64 | 1.3.13 | 69.00 | OK | |||
r-oldrel-macos-x86_64 | 1.3.13 | 167.00 | OK | |||
r-oldrel-windows-x86_64 | 1.3.13 | 20.00 | 231.00 | 251.00 | OK |
Version: 1.3.13
Check: Rd files
Result: NOTE
checkRd: (-1) coxsimSpline.Rd:93: Lost braces; missing escapes or markup?
93 | {FD(h[i](t)) = (exp(g(x[j]) - g(x[l])) - 1) * 100}
| ^
checkRd: (-1) simPH.Rd:16-19: Lost braces in \itemize; meant \describe ?
checkRd: (-1) simPH.Rd:20-24: Lost braces in \itemize; meant \describe ?
checkRd: (-1) simPH.Rd:25-30: Lost braces in \itemize; meant \describe ?
checkRd: (-1) simPH.Rd:31-33: Lost braces in \itemize; meant \describe ?
checkRd: (-1) simPH.Rd:34-36: Lost braces in \itemize; meant \describe ?
checkRd: (-1) simPH.Rd:44-46: Lost braces in \itemize; meant \describe ?
checkRd: (-1) simPH.Rd:47-49: Lost braces in \itemize; meant \describe ?
checkRd: (-1) simPH.Rd:50-53: Lost braces in \itemize; meant \describe ?
Flavors: r-devel-linux-x86_64-debian-clang, r-devel-linux-x86_64-debian-gcc