Last updated on 2024-05-02 09:52:02 CEST.
Flavor | Version | Tinstall | Tcheck | Ttotal | Status | Flags |
---|---|---|---|---|---|---|
r-devel-linux-x86_64-debian-clang | 0.3.2 | 37.86 | 222.84 | 260.70 | ERROR | |
r-devel-linux-x86_64-debian-gcc | 0.3.2 | 28.11 | 220.73 | 248.84 | ERROR | |
r-devel-linux-x86_64-fedora-clang | 0.3.2 | 375.22 | ERROR | |||
r-devel-linux-x86_64-fedora-gcc | 0.3.2 | 273.70 | ERROR | |||
r-devel-windows-x86_64 | 0.3.2 | 29.00 | 227.00 | 256.00 | OK | |
r-patched-linux-x86_64 | 0.3.2 | 30.40 | 272.48 | 302.88 | ERROR | |
r-release-linux-x86_64 | 0.3.2 | 38.71 | 261.59 | 300.30 | ERROR | |
r-release-macos-arm64 | 0.3.2 | 103.00 | OK | |||
r-release-windows-x86_64 | 0.3.2 | 30.00 | 222.00 | 252.00 | OK | |
r-oldrel-macos-arm64 | 0.3.2 | 118.00 | OK | |||
r-oldrel-macos-x86_64 | 0.3.2 | 259.00 | OK | |||
r-oldrel-windows-x86_64 | 0.3.2 | 41.00 | 276.00 | 317.00 | OK |
Version: 0.3.2
Check: package dependencies
Result: NOTE
Package suggested but not available for checking: ‘bshazard’
Flavors: r-devel-linux-x86_64-debian-clang, r-devel-linux-x86_64-debian-gcc, r-devel-linux-x86_64-fedora-clang, r-devel-linux-x86_64-fedora-gcc, r-patched-linux-x86_64, r-release-linux-x86_64
Version: 0.3.2
Check: re-building of vignette outputs
Result: ERROR
Error(s) in re-building vignettes:
...
--- re-building ‘arbitrary-hazard.Rmd’ using rmarkdown
Quitting from lines at lines 20-26 [unnamed-chunk-2] (arbitrary-hazard.Rmd)
Error: processing vignette 'arbitrary-hazard.Rmd' failed with diagnostics:
there is no package called 'bshazard'
--- failed re-building ‘arbitrary-hazard.Rmd’
--- re-building ‘modest-wlrt.Rmd’ using rmarkdown
** Processing: /home/hornik/tmp/R.check/r-devel-clang/Work/PKGS/simtrial.Rcheck/vign_test/simtrial/vignettes/modest-wlrt_files/figure-html/unnamed-chunk-4-1.png
720x384 pixels, 3x8 bits/pixel, RGB
Input IDAT size = 18833 bytes
Input file size = 18935 bytes
Trying:
zc = 9 zm = 8 zs = 0 f = 0 IDAT size = 14375
zc = 9 zm = 8 zs = 1 f = 0
zc = 1 zm = 8 zs = 2 f = 0
zc = 9 zm = 8 zs = 3 f = 0
zc = 9 zm = 8 zs = 0 f = 5
zc = 9 zm = 8 zs = 1 f = 5
zc = 1 zm = 8 zs = 2 f = 5
zc = 9 zm = 8 zs = 3 f = 5
Selecting parameters:
zc = 9 zm = 8 zs = 0 f = 0 IDAT size = 14375
Output IDAT size = 14375 bytes (4458 bytes decrease)
Output file size = 14453 bytes (4482 bytes = 23.67% decrease)
** Processing: /home/hornik/tmp/R.check/r-devel-clang/Work/PKGS/simtrial.Rcheck/vign_test/simtrial/vignettes/modest-wlrt_files/figure-html/unnamed-chunk-9-1.png
720x384 pixels, 3x8 bits/pixel, RGB
Input IDAT size = 16854 bytes
Input file size = 16956 bytes
Trying:
zc = 9 zm = 8 zs = 0 f = 0 IDAT size = 12730
zc = 9 zm = 8 zs = 1 f = 0
zc = 1 zm = 8 zs = 2 f = 0
zc = 9 zm = 8 zs = 3 f = 0
zc = 9 zm = 8 zs = 0 f = 5
zc = 9 zm = 8 zs = 1 f = 5
zc = 1 zm = 8 zs = 2 f = 5
zc = 9 zm = 8 zs = 3 f = 5
Selecting parameters:
zc = 9 zm = 8 zs = 0 f = 0 IDAT size = 12730
Output IDAT size = 12730 bytes (4124 bytes decrease)
Output file size = 12808 bytes (4148 bytes = 24.46% decrease)
--- finished re-building ‘modest-wlrt.Rmd’
--- re-building ‘parallel.Rmd’ using rmarkdown
** Processing: /home/hornik/tmp/R.check/r-devel-clang/Work/PKGS/simtrial.Rcheck/vign_test/simtrial/vignettes/parallel_files/figure-html/enrollments-1.png
576x384 pixels, 3x8 bits/pixel, RGB
Input IDAT size = 21433 bytes
Input file size = 21535 bytes
Trying:
zc = 9 zm = 8 zs = 0 f = 0 IDAT size = 17506
zc = 9 zm = 8 zs = 1 f = 0
zc = 1 zm = 8 zs = 2 f = 0
zc = 9 zm = 8 zs = 3 f = 0
zc = 9 zm = 8 zs = 0 f = 5
zc = 9 zm = 8 zs = 1 f = 5
zc = 1 zm = 8 zs = 2 f = 5
zc = 9 zm = 8 zs = 3 f = 5
Selecting parameters:
zc = 9 zm = 8 zs = 0 f = 0 IDAT size = 17506
Output IDAT size = 17506 bytes (3927 bytes decrease)
Output file size = 17584 bytes (3951 bytes = 18.35% decrease)
--- finished re-building ‘parallel.Rmd’
--- re-building ‘pvalue-maxcombo.Rmd’ using rmarkdown
--- finished re-building ‘pvalue-maxcombo.Rmd’
--- re-building ‘routines.Rmd’ using rmarkdown
** Processing: /home/hornik/tmp/R.check/r-devel-clang/Work/PKGS/simtrial.Rcheck/vign_test/simtrial/vignettes/routines_files/figure-html/unnamed-chunk-6-1.png
576x288 pixels, 8 bits/pixel, 256 colors in palette
Reducing image to 8 bits/pixel, grayscale
Input IDAT size = 7346 bytes
Input file size = 8204 bytes
Trying:
zc = 9 zm = 8 zs = 0 f = 0 IDAT size = 6554
zc = 9 zm = 8 zs = 1 f = 0 IDAT size = 6534
zc = 1 zm = 8 zs = 2 f = 0
zc = 9 zm = 8 zs = 3 f = 0
zc = 9 zm = 8 zs = 0 f = 5
zc = 9 zm = 8 zs = 1 f = 5
zc = 1 zm = 8 zs = 2 f = 5
zc = 9 zm = 8 zs = 3 f = 5
Selecting parameters:
zc = 9 zm = 8 zs = 1 f = 0 IDAT size = 6534
Output IDAT size = 6534 bytes (812 bytes decrease)
Output file size = 6612 bytes (1592 bytes = 19.41% decrease)
--- finished re-building ‘routines.Rmd’
--- re-building ‘workflow.Rmd’ using rmarkdown
--- finished re-building ‘workflow.Rmd’
SUMMARY: processing the following file failed:
‘arbitrary-hazard.Rmd’
Error: Vignette re-building failed.
Execution halted
Flavor: r-devel-linux-x86_64-debian-clang
Version: 0.3.2
Check: re-building of vignette outputs
Result: ERROR
Error(s) in re-building vignettes:
...
--- re-building ‘arbitrary-hazard.Rmd’ using rmarkdown
Quitting from lines at lines 20-26 [unnamed-chunk-2] (arbitrary-hazard.Rmd)
Error: processing vignette 'arbitrary-hazard.Rmd' failed with diagnostics:
there is no package called 'bshazard'
--- failed re-building ‘arbitrary-hazard.Rmd’
--- re-building ‘modest-wlrt.Rmd’ using rmarkdown
** Processing: /home/hornik/tmp/R.check/r-devel-gcc/Work/PKGS/simtrial.Rcheck/vign_test/simtrial/vignettes/modest-wlrt_files/figure-html/unnamed-chunk-4-1.png
720x384 pixels, 3x8 bits/pixel, RGB
Input IDAT size = 18833 bytes
Input file size = 18935 bytes
Trying:
zc = 9 zm = 8 zs = 0 f = 0 IDAT size = 14375
zc = 9 zm = 8 zs = 1 f = 0
zc = 1 zm = 8 zs = 2 f = 0
zc = 9 zm = 8 zs = 3 f = 0
zc = 9 zm = 8 zs = 0 f = 5
zc = 9 zm = 8 zs = 1 f = 5
zc = 1 zm = 8 zs = 2 f = 5
zc = 9 zm = 8 zs = 3 f = 5
Selecting parameters:
zc = 9 zm = 8 zs = 0 f = 0 IDAT size = 14375
Output IDAT size = 14375 bytes (4458 bytes decrease)
Output file size = 14453 bytes (4482 bytes = 23.67% decrease)
** Processing: /home/hornik/tmp/R.check/r-devel-gcc/Work/PKGS/simtrial.Rcheck/vign_test/simtrial/vignettes/modest-wlrt_files/figure-html/unnamed-chunk-9-1.png
720x384 pixels, 3x8 bits/pixel, RGB
Input IDAT size = 16854 bytes
Input file size = 16956 bytes
Trying:
zc = 9 zm = 8 zs = 0 f = 0 IDAT size = 12730
zc = 9 zm = 8 zs = 1 f = 0
zc = 1 zm = 8 zs = 2 f = 0
zc = 9 zm = 8 zs = 3 f = 0
zc = 9 zm = 8 zs = 0 f = 5
zc = 9 zm = 8 zs = 1 f = 5
zc = 1 zm = 8 zs = 2 f = 5
zc = 9 zm = 8 zs = 3 f = 5
Selecting parameters:
zc = 9 zm = 8 zs = 0 f = 0 IDAT size = 12730
Output IDAT size = 12730 bytes (4124 bytes decrease)
Output file size = 12808 bytes (4148 bytes = 24.46% decrease)
--- finished re-building ‘modest-wlrt.Rmd’
--- re-building ‘parallel.Rmd’ using rmarkdown
** Processing: /home/hornik/tmp/R.check/r-devel-gcc/Work/PKGS/simtrial.Rcheck/vign_test/simtrial/vignettes/parallel_files/figure-html/enrollments-1.png
576x384 pixels, 3x8 bits/pixel, RGB
Input IDAT size = 21433 bytes
Input file size = 21535 bytes
Trying:
zc = 9 zm = 8 zs = 0 f = 0 IDAT size = 17506
zc = 9 zm = 8 zs = 1 f = 0
zc = 1 zm = 8 zs = 2 f = 0
zc = 9 zm = 8 zs = 3 f = 0
zc = 9 zm = 8 zs = 0 f = 5
zc = 9 zm = 8 zs = 1 f = 5
zc = 1 zm = 8 zs = 2 f = 5
zc = 9 zm = 8 zs = 3 f = 5
Selecting parameters:
zc = 9 zm = 8 zs = 0 f = 0 IDAT size = 17506
Output IDAT size = 17506 bytes (3927 bytes decrease)
Output file size = 17584 bytes (3951 bytes = 18.35% decrease)
--- finished re-building ‘parallel.Rmd’
--- re-building ‘pvalue-maxcombo.Rmd’ using rmarkdown
--- finished re-building ‘pvalue-maxcombo.Rmd’
--- re-building ‘routines.Rmd’ using rmarkdown
** Processing: /home/hornik/tmp/R.check/r-devel-gcc/Work/PKGS/simtrial.Rcheck/vign_test/simtrial/vignettes/routines_files/figure-html/unnamed-chunk-6-1.png
576x288 pixels, 8 bits/pixel, 256 colors in palette
Reducing image to 8 bits/pixel, grayscale
Input IDAT size = 7244 bytes
Input file size = 8102 bytes
Trying:
zc = 9 zm = 8 zs = 0 f = 0 IDAT size = 6485
zc = 9 zm = 8 zs = 1 f = 0 IDAT size = 6454
zc = 1 zm = 8 zs = 2 f = 0
zc = 9 zm = 8 zs = 3 f = 0
zc = 9 zm = 8 zs = 0 f = 5
zc = 9 zm = 8 zs = 1 f = 5
zc = 1 zm = 8 zs = 2 f = 5
zc = 9 zm = 8 zs = 3 f = 5
Selecting parameters:
zc = 9 zm = 8 zs = 1 f = 0 IDAT size = 6454
Output IDAT size = 6454 bytes (790 bytes decrease)
Output file size = 6532 bytes (1570 bytes = 19.38% decrease)
--- finished re-building ‘routines.Rmd’
--- re-building ‘workflow.Rmd’ using rmarkdown
--- finished re-building ‘workflow.Rmd’
SUMMARY: processing the following file failed:
‘arbitrary-hazard.Rmd’
Error: Vignette re-building failed.
Execution halted
Flavor: r-devel-linux-x86_64-debian-gcc
Version: 0.3.2
Check: re-building of vignette outputs
Result: ERROR
Error(s) in re-building vignettes:
--- re-building ‘arbitrary-hazard.Rmd’ using rmarkdown
Quitting from lines at lines 20-26 [unnamed-chunk-2] (arbitrary-hazard.Rmd)
Error: processing vignette 'arbitrary-hazard.Rmd' failed with diagnostics:
there is no package called 'bshazard'
--- failed re-building ‘arbitrary-hazard.Rmd’
--- re-building ‘modest-wlrt.Rmd’ using rmarkdown
** Processing: /data/gannet/ripley/R/packages/tests-clang/simtrial.Rcheck/vign_test/simtrial/vignettes/modest-wlrt_files/figure-html/unnamed-chunk-4-1.png
720x384 pixels, 3x8 bits/pixel, RGB
Input IDAT size = 18833 bytes
Input file size = 18935 bytes
Trying:
zc = 9 zm = 8 zs = 0 f = 0 IDAT size = 14375
zc = 9 zm = 8 zs = 1 f = 0
zc = 1 zm = 8 zs = 2 f = 0
zc = 9 zm = 8 zs = 3 f = 0
zc = 9 zm = 8 zs = 0 f = 5
zc = 9 zm = 8 zs = 1 f = 5
zc = 1 zm = 8 zs = 2 f = 5
zc = 9 zm = 8 zs = 3 f = 5
Selecting parameters:
zc = 9 zm = 8 zs = 0 f = 0 IDAT size = 14375
Output IDAT size = 14375 bytes (4458 bytes decrease)
Output file size = 14453 bytes (4482 bytes = 23.67% decrease)
** Processing: /data/gannet/ripley/R/packages/tests-clang/simtrial.Rcheck/vign_test/simtrial/vignettes/modest-wlrt_files/figure-html/unnamed-chunk-9-1.png
720x384 pixels, 3x8 bits/pixel, RGB
Input IDAT size = 16854 bytes
Input file size = 16956 bytes
Trying:
zc = 9 zm = 8 zs = 0 f = 0 IDAT size = 12730
zc = 9 zm = 8 zs = 1 f = 0
zc = 1 zm = 8 zs = 2 f = 0
zc = 9 zm = 8 zs = 3 f = 0
zc = 9 zm = 8 zs = 0 f = 5
zc = 9 zm = 8 zs = 1 f = 5
zc = 1 zm = 8 zs = 2 f = 5
zc = 9 zm = 8 zs = 3 f = 5
Selecting parameters:
zc = 9 zm = 8 zs = 0 f = 0 IDAT size = 12730
Output IDAT size = 12730 bytes (4124 bytes decrease)
Output file size = 12808 bytes (4148 bytes = 24.46% decrease)
--- finished re-building ‘modest-wlrt.Rmd’
--- re-building ‘parallel.Rmd’ using rmarkdown
** Processing: /data/gannet/ripley/R/packages/tests-clang/simtrial.Rcheck/vign_test/simtrial/vignettes/parallel_files/figure-html/enrollments-1.png
576x384 pixels, 3x8 bits/pixel, RGB
Input IDAT size = 21441 bytes
Input file size = 21543 bytes
Trying:
zc = 9 zm = 8 zs = 0 f = 0 IDAT size = 17503
zc = 9 zm = 8 zs = 1 f = 0
zc = 1 zm = 8 zs = 2 f = 0
zc = 9 zm = 8 zs = 3 f = 0
zc = 9 zm = 8 zs = 0 f = 5
zc = 9 zm = 8 zs = 1 f = 5
zc = 1 zm = 8 zs = 2 f = 5
zc = 9 zm = 8 zs = 3 f = 5
Selecting parameters:
zc = 9 zm = 8 zs = 0 f = 0 IDAT size = 17503
Output IDAT size = 17503 bytes (3938 bytes decrease)
Output file size = 17581 bytes (3962 bytes = 18.39% decrease)
--- finished re-building ‘parallel.Rmd’
--- re-building ‘pvalue-maxcombo.Rmd’ using rmarkdown
--- finished re-building ‘pvalue-maxcombo.Rmd’
--- re-building ‘routines.Rmd’ using rmarkdown
** Processing: /data/gannet/ripley/R/packages/tests-clang/simtrial.Rcheck/vign_test/simtrial/vignettes/routines_files/figure-html/unnamed-chunk-6-1.png
576x288 pixels, 8 bits/pixel, 256 colors in palette
Reducing image to 8 bits/pixel, grayscale
Input IDAT size = 7114 bytes
Input file size = 7972 bytes
Trying:
zc = 9 zm = 8 zs = 0 f = 0 IDAT size = 6366
zc = 9 zm = 8 zs = 1 f = 0 IDAT size = 6332
zc = 1 zm = 8 zs = 2 f = 0
zc = 9 zm = 8 zs = 3 f = 0
zc = 9 zm = 8 zs = 0 f = 5
zc = 9 zm = 8 zs = 1 f = 5
zc = 1 zm = 8 zs = 2 f = 5
zc = 9 zm = 8 zs = 3 f = 5
Selecting parameters:
zc = 9 zm = 8 zs = 1 f = 0 IDAT size = 6332
Output IDAT size = 6332 bytes (782 bytes decrease)
Output file size = 6410 bytes (1562 bytes = 19.59% decrease)
--- finished re-building ‘routines.Rmd’
--- re-building ‘workflow.Rmd’ using rmarkdown
--- finished re-building ‘workflow.Rmd’
SUMMARY: processing the following file failed:
‘arbitrary-hazard.Rmd’
Error: Vignette re-building failed.
Execution halted
Flavor: r-devel-linux-x86_64-fedora-clang
Version: 0.3.2
Check: re-building of vignette outputs
Result: ERROR
Error(s) in re-building vignettes:
--- re-building ‘arbitrary-hazard.Rmd’ using rmarkdown
Quitting from lines at lines 20-26 [unnamed-chunk-2] (arbitrary-hazard.Rmd)
Error: processing vignette 'arbitrary-hazard.Rmd' failed with diagnostics:
there is no package called 'bshazard'
--- failed re-building ‘arbitrary-hazard.Rmd’
--- re-building ‘modest-wlrt.Rmd’ using rmarkdown
** Processing: /data/gannet/ripley/R/packages/tests-devel/simtrial.Rcheck/vign_test/simtrial/vignettes/modest-wlrt_files/figure-html/unnamed-chunk-4-1.png
720x384 pixels, 3x8 bits/pixel, RGB
Input IDAT size = 18833 bytes
Input file size = 18935 bytes
Trying:
zc = 9 zm = 8 zs = 0 f = 0 IDAT size = 14375
zc = 9 zm = 8 zs = 1 f = 0
zc = 1 zm = 8 zs = 2 f = 0
zc = 9 zm = 8 zs = 3 f = 0
zc = 9 zm = 8 zs = 0 f = 5
zc = 9 zm = 8 zs = 1 f = 5
zc = 1 zm = 8 zs = 2 f = 5
zc = 9 zm = 8 zs = 3 f = 5
Selecting parameters:
zc = 9 zm = 8 zs = 0 f = 0 IDAT size = 14375
Output IDAT size = 14375 bytes (4458 bytes decrease)
Output file size = 14453 bytes (4482 bytes = 23.67% decrease)
** Processing: /data/gannet/ripley/R/packages/tests-devel/simtrial.Rcheck/vign_test/simtrial/vignettes/modest-wlrt_files/figure-html/unnamed-chunk-9-1.png
720x384 pixels, 3x8 bits/pixel, RGB
Input IDAT size = 16854 bytes
Input file size = 16956 bytes
Trying:
zc = 9 zm = 8 zs = 0 f = 0 IDAT size = 12730
zc = 9 zm = 8 zs = 1 f = 0
zc = 1 zm = 8 zs = 2 f = 0
zc = 9 zm = 8 zs = 3 f = 0
zc = 9 zm = 8 zs = 0 f = 5
zc = 9 zm = 8 zs = 1 f = 5
zc = 1 zm = 8 zs = 2 f = 5
zc = 9 zm = 8 zs = 3 f = 5
Selecting parameters:
zc = 9 zm = 8 zs = 0 f = 0 IDAT size = 12730
Output IDAT size = 12730 bytes (4124 bytes decrease)
Output file size = 12808 bytes (4148 bytes = 24.46% decrease)
--- finished re-building ‘modest-wlrt.Rmd’
--- re-building ‘parallel.Rmd’ using rmarkdown
** Processing: /data/gannet/ripley/R/packages/tests-devel/simtrial.Rcheck/vign_test/simtrial/vignettes/parallel_files/figure-html/enrollments-1.png
576x384 pixels, 3x8 bits/pixel, RGB
Input IDAT size = 21441 bytes
Input file size = 21543 bytes
Trying:
zc = 9 zm = 8 zs = 0 f = 0 IDAT size = 17503
zc = 9 zm = 8 zs = 1 f = 0
zc = 1 zm = 8 zs = 2 f = 0
zc = 9 zm = 8 zs = 3 f = 0
zc = 9 zm = 8 zs = 0 f = 5
zc = 9 zm = 8 zs = 1 f = 5
zc = 1 zm = 8 zs = 2 f = 5
zc = 9 zm = 8 zs = 3 f = 5
Selecting parameters:
zc = 9 zm = 8 zs = 0 f = 0 IDAT size = 17503
Output IDAT size = 17503 bytes (3938 bytes decrease)
Output file size = 17581 bytes (3962 bytes = 18.39% decrease)
--- finished re-building ‘parallel.Rmd’
--- re-building ‘pvalue-maxcombo.Rmd’ using rmarkdown
--- finished re-building ‘pvalue-maxcombo.Rmd’
--- re-building ‘routines.Rmd’ using rmarkdown
** Processing: /data/gannet/ripley/R/packages/tests-devel/simtrial.Rcheck/vign_test/simtrial/vignettes/routines_files/figure-html/unnamed-chunk-6-1.png
576x288 pixels, 8 bits/pixel, 256 colors in palette
Reducing image to 8 bits/pixel, grayscale
Input IDAT size = 7156 bytes
Input file size = 8014 bytes
Trying:
zc = 9 zm = 8 zs = 0 f = 0 IDAT size = 6396
zc = 9 zm = 8 zs = 1 f = 0 IDAT size = 6380
zc = 1 zm = 8 zs = 2 f = 0
zc = 9 zm = 8 zs = 3 f = 0
zc = 9 zm = 8 zs = 0 f = 5
zc = 9 zm = 8 zs = 1 f = 5
zc = 1 zm = 8 zs = 2 f = 5
zc = 9 zm = 8 zs = 3 f = 5
Selecting parameters:
zc = 9 zm = 8 zs = 1 f = 0 IDAT size = 6380
Output IDAT size = 6380 bytes (776 bytes decrease)
Output file size = 6458 bytes (1556 bytes = 19.42% decrease)
--- finished re-building ‘routines.Rmd’
--- re-building ‘workflow.Rmd’ using rmarkdown
--- finished re-building ‘workflow.Rmd’
SUMMARY: processing the following file failed:
‘arbitrary-hazard.Rmd’
Error: Vignette re-building failed.
Execution halted
Flavor: r-devel-linux-x86_64-fedora-gcc
Version: 0.3.2
Check: re-building of vignette outputs
Result: ERROR
Error(s) in re-building vignettes:
...
--- re-building ‘arbitrary-hazard.Rmd’ using rmarkdown
Quitting from lines at lines 20-26 [unnamed-chunk-2] (arbitrary-hazard.Rmd)
Error: processing vignette 'arbitrary-hazard.Rmd' failed with diagnostics:
there is no package called 'bshazard'
--- failed re-building ‘arbitrary-hazard.Rmd’
--- re-building ‘modest-wlrt.Rmd’ using rmarkdown
** Processing: /home/hornik/tmp/R.check/r-patched-gcc/Work/PKGS/simtrial.Rcheck/vign_test/simtrial/vignettes/modest-wlrt_files/figure-html/unnamed-chunk-4-1.png
720x384 pixels, 3x8 bits/pixel, RGB
Input IDAT size = 18833 bytes
Input file size = 18935 bytes
Trying:
zc = 9 zm = 8 zs = 0 f = 0 IDAT size = 14375
zc = 9 zm = 8 zs = 1 f = 0
zc = 1 zm = 8 zs = 2 f = 0
zc = 9 zm = 8 zs = 3 f = 0
zc = 9 zm = 8 zs = 0 f = 5
zc = 9 zm = 8 zs = 1 f = 5
zc = 1 zm = 8 zs = 2 f = 5
zc = 9 zm = 8 zs = 3 f = 5
Selecting parameters:
zc = 9 zm = 8 zs = 0 f = 0 IDAT size = 14375
Output IDAT size = 14375 bytes (4458 bytes decrease)
Output file size = 14453 bytes (4482 bytes = 23.67% decrease)
** Processing: /home/hornik/tmp/R.check/r-patched-gcc/Work/PKGS/simtrial.Rcheck/vign_test/simtrial/vignettes/modest-wlrt_files/figure-html/unnamed-chunk-9-1.png
720x384 pixels, 3x8 bits/pixel, RGB
Input IDAT size = 16854 bytes
Input file size = 16956 bytes
Trying:
zc = 9 zm = 8 zs = 0 f = 0 IDAT size = 12730
zc = 9 zm = 8 zs = 1 f = 0
zc = 1 zm = 8 zs = 2 f = 0
zc = 9 zm = 8 zs = 3 f = 0
zc = 9 zm = 8 zs = 0 f = 5
zc = 9 zm = 8 zs = 1 f = 5
zc = 1 zm = 8 zs = 2 f = 5
zc = 9 zm = 8 zs = 3 f = 5
Selecting parameters:
zc = 9 zm = 8 zs = 0 f = 0 IDAT size = 12730
Output IDAT size = 12730 bytes (4124 bytes decrease)
Output file size = 12808 bytes (4148 bytes = 24.46% decrease)
--- finished re-building ‘modest-wlrt.Rmd’
--- re-building ‘parallel.Rmd’ using rmarkdown
** Processing: /home/hornik/tmp/R.check/r-patched-gcc/Work/PKGS/simtrial.Rcheck/vign_test/simtrial/vignettes/parallel_files/figure-html/enrollments-1.png
576x384 pixels, 3x8 bits/pixel, RGB
Input IDAT size = 21433 bytes
Input file size = 21535 bytes
Trying:
zc = 9 zm = 8 zs = 0 f = 0 IDAT size = 17506
zc = 9 zm = 8 zs = 1 f = 0
zc = 1 zm = 8 zs = 2 f = 0
zc = 9 zm = 8 zs = 3 f = 0
zc = 9 zm = 8 zs = 0 f = 5
zc = 9 zm = 8 zs = 1 f = 5
zc = 1 zm = 8 zs = 2 f = 5
zc = 9 zm = 8 zs = 3 f = 5
Selecting parameters:
zc = 9 zm = 8 zs = 0 f = 0 IDAT size = 17506
Output IDAT size = 17506 bytes (3927 bytes decrease)
Output file size = 17584 bytes (3951 bytes = 18.35% decrease)
--- finished re-building ‘parallel.Rmd’
--- re-building ‘pvalue-maxcombo.Rmd’ using rmarkdown
--- finished re-building ‘pvalue-maxcombo.Rmd’
--- re-building ‘routines.Rmd’ using rmarkdown
** Processing: /home/hornik/tmp/R.check/r-patched-gcc/Work/PKGS/simtrial.Rcheck/vign_test/simtrial/vignettes/routines_files/figure-html/unnamed-chunk-6-1.png
576x288 pixels, 8 bits/pixel, 256 colors in palette
Reducing image to 8 bits/pixel, grayscale
Input IDAT size = 7237 bytes
Input file size = 8095 bytes
Trying:
zc = 9 zm = 8 zs = 0 f = 0 IDAT size = 6453
zc = 9 zm = 8 zs = 1 f = 0 IDAT size = 6432
zc = 1 zm = 8 zs = 2 f = 0
zc = 9 zm = 8 zs = 3 f = 0
zc = 9 zm = 8 zs = 0 f = 5
zc = 9 zm = 8 zs = 1 f = 5
zc = 1 zm = 8 zs = 2 f = 5
zc = 9 zm = 8 zs = 3 f = 5
Selecting parameters:
zc = 9 zm = 8 zs = 1 f = 0 IDAT size = 6432
Output IDAT size = 6432 bytes (805 bytes decrease)
Output file size = 6510 bytes (1585 bytes = 19.58% decrease)
--- finished re-building ‘routines.Rmd’
--- re-building ‘workflow.Rmd’ using rmarkdown
--- finished re-building ‘workflow.Rmd’
SUMMARY: processing the following file failed:
‘arbitrary-hazard.Rmd’
Error: Vignette re-building failed.
Execution halted
Flavor: r-patched-linux-x86_64
Version: 0.3.2
Check: re-building of vignette outputs
Result: ERROR
Error(s) in re-building vignettes:
...
--- re-building ‘arbitrary-hazard.Rmd’ using rmarkdown
Quitting from lines at lines 20-26 [unnamed-chunk-2] (arbitrary-hazard.Rmd)
Error: processing vignette 'arbitrary-hazard.Rmd' failed with diagnostics:
there is no package called 'bshazard'
--- failed re-building ‘arbitrary-hazard.Rmd’
--- re-building ‘modest-wlrt.Rmd’ using rmarkdown
** Processing: /home/hornik/tmp/R.check/r-release-gcc/Work/PKGS/simtrial.Rcheck/vign_test/simtrial/vignettes/modest-wlrt_files/figure-html/unnamed-chunk-4-1.png
720x384 pixels, 3x8 bits/pixel, RGB
Input IDAT size = 18833 bytes
Input file size = 18935 bytes
Trying:
zc = 9 zm = 8 zs = 0 f = 0 IDAT size = 14375
zc = 9 zm = 8 zs = 1 f = 0
zc = 1 zm = 8 zs = 2 f = 0
zc = 9 zm = 8 zs = 3 f = 0
zc = 9 zm = 8 zs = 0 f = 5
zc = 9 zm = 8 zs = 1 f = 5
zc = 1 zm = 8 zs = 2 f = 5
zc = 9 zm = 8 zs = 3 f = 5
Selecting parameters:
zc = 9 zm = 8 zs = 0 f = 0 IDAT size = 14375
Output IDAT size = 14375 bytes (4458 bytes decrease)
Output file size = 14453 bytes (4482 bytes = 23.67% decrease)
** Processing: /home/hornik/tmp/R.check/r-release-gcc/Work/PKGS/simtrial.Rcheck/vign_test/simtrial/vignettes/modest-wlrt_files/figure-html/unnamed-chunk-9-1.png
720x384 pixels, 3x8 bits/pixel, RGB
Input IDAT size = 16854 bytes
Input file size = 16956 bytes
Trying:
zc = 9 zm = 8 zs = 0 f = 0 IDAT size = 12730
zc = 9 zm = 8 zs = 1 f = 0
zc = 1 zm = 8 zs = 2 f = 0
zc = 9 zm = 8 zs = 3 f = 0
zc = 9 zm = 8 zs = 0 f = 5
zc = 9 zm = 8 zs = 1 f = 5
zc = 1 zm = 8 zs = 2 f = 5
zc = 9 zm = 8 zs = 3 f = 5
Selecting parameters:
zc = 9 zm = 8 zs = 0 f = 0 IDAT size = 12730
Output IDAT size = 12730 bytes (4124 bytes decrease)
Output file size = 12808 bytes (4148 bytes = 24.46% decrease)
--- finished re-building ‘modest-wlrt.Rmd’
--- re-building ‘parallel.Rmd’ using rmarkdown
** Processing: /home/hornik/tmp/R.check/r-release-gcc/Work/PKGS/simtrial.Rcheck/vign_test/simtrial/vignettes/parallel_files/figure-html/enrollments-1.png
576x384 pixels, 3x8 bits/pixel, RGB
Input IDAT size = 21433 bytes
Input file size = 21535 bytes
Trying:
zc = 9 zm = 8 zs = 0 f = 0 IDAT size = 17506
zc = 9 zm = 8 zs = 1 f = 0
zc = 1 zm = 8 zs = 2 f = 0
zc = 9 zm = 8 zs = 3 f = 0
zc = 9 zm = 8 zs = 0 f = 5
zc = 9 zm = 8 zs = 1 f = 5
zc = 1 zm = 8 zs = 2 f = 5
zc = 9 zm = 8 zs = 3 f = 5
Selecting parameters:
zc = 9 zm = 8 zs = 0 f = 0 IDAT size = 17506
Output IDAT size = 17506 bytes (3927 bytes decrease)
Output file size = 17584 bytes (3951 bytes = 18.35% decrease)
--- finished re-building ‘parallel.Rmd’
--- re-building ‘pvalue-maxcombo.Rmd’ using rmarkdown
--- finished re-building ‘pvalue-maxcombo.Rmd’
--- re-building ‘routines.Rmd’ using rmarkdown
** Processing: /home/hornik/tmp/R.check/r-release-gcc/Work/PKGS/simtrial.Rcheck/vign_test/simtrial/vignettes/routines_files/figure-html/unnamed-chunk-6-1.png
576x288 pixels, 8 bits/pixel, 256 colors in palette
Reducing image to 8 bits/pixel, grayscale
Input IDAT size = 7386 bytes
Input file size = 8244 bytes
Trying:
zc = 9 zm = 8 zs = 0 f = 0 IDAT size = 6607
zc = 9 zm = 8 zs = 1 f = 0 IDAT size = 6582
zc = 1 zm = 8 zs = 2 f = 0
zc = 9 zm = 8 zs = 3 f = 0
zc = 9 zm = 8 zs = 0 f = 5
zc = 9 zm = 8 zs = 1 f = 5
zc = 1 zm = 8 zs = 2 f = 5
zc = 9 zm = 8 zs = 3 f = 5
Selecting parameters:
zc = 9 zm = 8 zs = 1 f = 0 IDAT size = 6582
Output IDAT size = 6582 bytes (804 bytes decrease)
Output file size = 6660 bytes (1584 bytes = 19.21% decrease)
--- finished re-building ‘routines.Rmd’
--- re-building ‘workflow.Rmd’ using rmarkdown
--- finished re-building ‘workflow.Rmd’
SUMMARY: processing the following file failed:
‘arbitrary-hazard.Rmd’
Error: Vignette re-building failed.
Execution halted
Flavor: r-release-linux-x86_64