Last updated on 2025-02-05 07:50:26 CET.
Flavor | Version | Tinstall | Tcheck | Ttotal | Status | Flags |
---|---|---|---|---|---|---|
r-devel-linux-x86_64-debian-clang | 0.2-18 | 2.77 | 38.86 | 41.63 | OK | |
r-devel-linux-x86_64-debian-gcc | 0.2-18 | 2.06 | 30.69 | 32.75 | OK | |
r-devel-linux-x86_64-fedora-clang | 0.2-18 | 66.46 | OK | |||
r-devel-linux-x86_64-fedora-gcc | 0.2-18 | 63.46 | OK | |||
r-devel-windows-x86_64 | 0.2-18 | 5.00 | 58.00 | 63.00 | OK | |
r-patched-linux-x86_64 | 0.2-18 | 2.61 | 36.98 | 39.59 | NOTE | |
r-release-linux-x86_64 | 0.2-18 | 2.74 | 38.18 | 40.92 | NOTE | |
r-release-macos-arm64 | 0.2-18 | 28.00 | NOTE | |||
r-release-macos-x86_64 | 0.2-18 | 206.00 | NOTE | |||
r-release-windows-x86_64 | 0.2-18 | 5.00 | 57.00 | 62.00 | NOTE | |
r-oldrel-macos-arm64 | 0.2-18 | 199.00 | NOTE | |||
r-oldrel-macos-x86_64 | 0.2-18 | 209.00 | NOTE | |||
r-oldrel-windows-x86_64 | 0.2-18 | 5.00 | 62.00 | 67.00 | NOTE |
Version: 0.2-18
Check: package dependencies
Result: NOTE
Package which this enhances but not available for checking: ‘kmndirs’
Flavors: r-patched-linux-x86_64, r-release-linux-x86_64, r-release-macos-arm64, r-release-macos-x86_64, r-release-windows-x86_64, r-oldrel-macos-arm64, r-oldrel-macos-x86_64, r-oldrel-windows-x86_64