Last updated on 2023-11-30 01:53:45 CET.
Flavor | Version | Tinstall | Tcheck | Ttotal | Status | Flags |
---|---|---|---|---|---|---|
r-devel-linux-x86_64-debian-clang | 1.4.0 | 226.50 | 218.37 | 444.87 | NOTE | |
r-devel-linux-x86_64-debian-gcc | 1.4.0 | 168.99 | 165.56 | 334.55 | NOTE | |
r-devel-linux-x86_64-fedora-clang | 1.4.0 | 543.35 | NOTE | |||
r-devel-linux-x86_64-fedora-gcc | 1.4.0 | 606.64 | NOTE | |||
r-devel-windows-x86_64 | 1.4.0 | 146.00 | 196.00 | 342.00 | NOTE | |
r-patched-linux-x86_64 | 1.4.0 | 145.82 | 208.13 | 353.95 | OK | |
r-release-linux-x86_64 | 1.4.0 | 163.02 | 195.68 | 358.70 | OK | |
r-release-macos-arm64 | 1.4.0 | 129.00 | NOTE | |||
r-release-macos-x86_64 | 1.4.0 | 203.00 | NOTE | |||
r-release-windows-x86_64 | 1.4.0 | 199.00 | 266.00 | 465.00 | OK | |
r-oldrel-macos-arm64 | 1.4.0 | 132.00 | NOTE | |||
r-oldrel-macos-x86_64 | 1.4.0 | 182.00 | NOTE | |||
r-oldrel-windows-x86_64 | 1.4.0 | 180.00 | 241.00 | 421.00 | OK |
Version: 1.4.0
Check: Rd \usage sections
Result: NOTE
Documented arguments not in \usage in Rd file 'calculate_gefficiency.Rd':
‘RunMatrix’
Documented arguments not in \usage in Rd file 'constructRunMatrix.Rd':
‘Levelvector’
Documented arguments not in \usage in Rd file 'effectpower.Rd':
‘X’
Documented arguments not in \usage in Rd file 'gen_momentsmatrix.Rd':
‘Levelvector’
Documented arguments not in \usage in Rd file 'generate_noise_block.Rd':
‘RunMatrix’
Documented arguments not in \usage in Rd file 'genhypmatrix.Rd':
‘Parameters’ ‘Levels’ ‘G’
Documented arguments not in \usage in Rd file 'genparammatrix.Rd':
‘Parameters’ ‘Levels’ ‘G’
Documented arguments not in \usage in Rd file 'priorlevels.Rd':
‘Levelvector’
Documented arguments not in \usage in Rd file 'reduceRunMatrix.Rd':
‘ModelMatrix’
Functions with \usage entries need to have the appropriate \alias
entries, and all their arguments documented.
The \usage entries must correspond to syntactically valid R code.
See chapter ‘Writing R documentation files’ in the ‘Writing R
Extensions’ manual.
Flavors: r-devel-linux-x86_64-debian-clang, r-devel-linux-x86_64-debian-gcc, r-devel-linux-x86_64-fedora-clang, r-devel-linux-x86_64-fedora-gcc, r-devel-windows-x86_64
Version: 1.4.0
Check: installed package size
Result: NOTE
installed size is 32.1Mb
sub-directories of 1Mb or more:
libs 31.1Mb
Flavors: r-release-macos-arm64, r-release-macos-x86_64, r-oldrel-macos-arm64, r-oldrel-macos-x86_64