CRAN Package Check Results for Package sparsepca

Last updated on 2024-07-19 14:58:45 CEST.

Flavor Version Tinstall Tcheck Ttotal Status Flags
r-devel-linux-x86_64-debian-clang 0.1.2 8.74 66.66 75.40 NOTE
r-devel-linux-x86_64-debian-gcc 0.1.2 6.02 49.36 55.38 NOTE
r-devel-linux-x86_64-fedora-clang 0.1.2 89.60 NOTE
r-devel-linux-x86_64-fedora-gcc 0.1.2 94.65 NOTE
r-devel-windows-x86_64 0.1.2 8.00 64.00 72.00 NOTE
r-patched-linux-x86_64 0.1.2 7.74 60.91 68.65 NOTE
r-release-linux-x86_64 0.1.2 7.54 62.59 70.13 NOTE
r-release-macos-arm64 0.1.2 32.00 NOTE
r-release-macos-x86_64 0.1.2 41.00 NOTE
r-release-windows-x86_64 0.1.2 7.00 62.00 69.00 NOTE
r-oldrel-macos-arm64 0.1.2 33.00 NOTE
r-oldrel-macos-x86_64 0.1.2 48.00 NOTE
r-oldrel-windows-x86_64 0.1.2 7.00 72.00 79.00 NOTE

Check Details

Version: 0.1.2
Check: LazyData
Result: NOTE 'LazyData' is specified without a 'data' directory Flavors: r-devel-linux-x86_64-debian-clang, r-devel-linux-x86_64-debian-gcc, r-devel-linux-x86_64-fedora-clang, r-devel-linux-x86_64-fedora-gcc, r-devel-windows-x86_64, r-patched-linux-x86_64, r-release-linux-x86_64, r-release-macos-arm64, r-release-macos-x86_64, r-release-windows-x86_64, r-oldrel-macos-arm64, r-oldrel-macos-x86_64, r-oldrel-windows-x86_64