CRAN Package Check Results for Package spaths

Last updated on 2025-01-17 09:49:14 CET.

Flavor Version Tinstall Tcheck Ttotal Status Flags
r-devel-linux-x86_64-debian-clang 1.1.3 245.82 40.49 286.31 OK
r-devel-linux-x86_64-debian-gcc 1.1.3 182.37 28.81 211.18 OK
r-devel-linux-x86_64-fedora-clang 1.1.3 619.26 NOTE
r-devel-linux-x86_64-fedora-gcc 1.1.3 634.42 NOTE
r-devel-windows-x86_64 1.1.3 237.00 93.00 330.00 OK
r-patched-linux-x86_64 1.1.3 256.34 37.06 293.40 OK
r-release-linux-x86_64 1.1.3 259.78 36.59 296.37 OK
r-release-macos-arm64 1.1.3 47.00 ERROR
r-release-macos-x86_64 1.1.3 32.00 ERROR
r-release-windows-x86_64 1.1.3 233.00 84.00 317.00 OK
r-oldrel-macos-arm64 1.1.3 44.00 ERROR
r-oldrel-macos-x86_64 1.1.3 32.00 ERROR
r-oldrel-windows-x86_64 1.1.3 226.00 101.00 327.00 OK

Check Details

Version: 1.1.3
Check: dependencies in R code
Result: NOTE Namespaces in Imports field not imported from: ‘Rcpp’ ‘base’ ‘utils’ All declared Imports should be used. Flavors: r-devel-linux-x86_64-fedora-clang, r-devel-linux-x86_64-fedora-gcc

Version: 1.1.3
Check: whether package can be installed
Result: ERROR Installation failed. Flavors: r-release-macos-arm64, r-release-macos-x86_64, r-oldrel-macos-arm64, r-oldrel-macos-x86_64