Last updated on 2025-04-29 10:50:50 CEST.
Flavor | Version | Tinstall | Tcheck | Ttotal | Status | Flags |
---|---|---|---|---|---|---|
r-devel-linux-x86_64-debian-clang | 1.3.4-5 | 7.89 | 524.64 | 532.53 | NOTE | |
r-devel-linux-x86_64-debian-gcc | 1.3.4-5 | 6.48 | 365.38 | 371.86 | OK | |
r-devel-linux-x86_64-fedora-clang | 1.3.4-5 | 878.38 | OK | |||
r-devel-linux-x86_64-fedora-gcc | 1.3.4-5 | 854.87 | OK | |||
r-devel-windows-x86_64 | 1.3.4-5 | 11.00 | 292.00 | 303.00 | OK | |
r-patched-linux-x86_64 | 1.3.4-5 | 8.75 | 530.31 | 539.06 | OK | |
r-release-linux-x86_64 | 1.3.4-5 | 8.18 | 534.92 | 543.10 | OK | |
r-release-macos-arm64 | 1.3.4-5 | 117.00 | OK | |||
r-release-macos-x86_64 | 1.3.4-5 | 207.00 | OK | |||
r-release-windows-x86_64 | 1.3.4-5 | 10.00 | 310.00 | 320.00 | OK | |
r-oldrel-macos-arm64 | 1.3.4-5 | 119.00 | OK | |||
r-oldrel-macos-x86_64 | 1.3.4-5 | 227.00 | OK | |||
r-oldrel-windows-x86_64 | 1.3.4-5 | 12.00 | 336.00 | 348.00 | OK |
Version: 1.3.4-5
Check: examples
Result: NOTE
Examples with CPU (user + system) or elapsed time > 5s
user system elapsed
NN_G 4.567 1.355 6.693
Flavor: r-devel-linux-x86_64-debian-clang