Last updated on 2024-08-31 22:49:51 CEST.
Flavor | Version | Tinstall | Tcheck | Ttotal | Status | Flags |
---|---|---|---|---|---|---|
r-devel-linux-x86_64-debian-clang | 0.7.1 | 44.79 | 295.97 | 340.76 | OK | |
r-devel-linux-x86_64-debian-gcc | 0.7.1 | 33.26 | 187.63 | 220.89 | OK | |
r-devel-linux-x86_64-fedora-clang | 0.7.1 | 540.92 | NOTE | |||
r-devel-linux-x86_64-fedora-gcc | 0.7.1 | 468.74 | NOTE | |||
r-devel-windows-x86_64 | 0.7.1 | 44.00 | 246.00 | 290.00 | NOTE | |
r-patched-linux-x86_64 | 0.7.1 | 44.79 | 274.09 | 318.88 | OK | |
r-release-linux-x86_64 | 0.7.1 | 40.92 | 273.18 | 314.10 | OK | |
r-release-macos-arm64 | 0.7.1 | 149.00 | NOTE | |||
r-release-macos-x86_64 | 0.7.1 | 218.00 | NOTE | |||
r-release-windows-x86_64 | 0.7.1 | 45.00 | 251.00 | 296.00 | NOTE | |
r-oldrel-macos-arm64 | 0.7.1 | 129.00 | NOTE | |||
r-oldrel-macos-x86_64 | 0.7.1 | 281.00 | NOTE | |||
r-oldrel-windows-x86_64 | 0.7.1 | 62.00 | 345.00 | 407.00 | NOTE |
Version: 0.7.1
Check: data for non-ASCII characters
Result: NOTE
Note: found 283 marked UTF-8 strings
Flavors: r-devel-linux-x86_64-fedora-clang, r-devel-linux-x86_64-fedora-gcc
Version: 0.7.1
Check: installed package size
Result: NOTE
installed size is 5.3Mb
sub-directories of 1Mb or more:
data 2.5Mb
help 1.7Mb
Flavors: r-devel-windows-x86_64, r-release-macos-arm64, r-release-macos-x86_64, r-release-windows-x86_64, r-oldrel-macos-arm64, r-oldrel-macos-x86_64, r-oldrel-windows-x86_64