Last updated on 2025-04-29 15:50:33 CEST.
Flavor | Version | Tinstall | Tcheck | Ttotal | Status | Flags |
---|---|---|---|---|---|---|
r-devel-linux-x86_64-debian-clang | 0.7.1 | 48.70 | 331.36 | 380.06 | NOTE | |
r-devel-linux-x86_64-debian-gcc | 0.7.1 | 34.52 | 214.37 | 248.89 | NOTE | |
r-devel-linux-x86_64-fedora-clang | 0.7.1 | 596.97 | NOTE | |||
r-devel-linux-x86_64-fedora-gcc | 0.7.1 | 559.45 | NOTE | |||
r-devel-windows-x86_64 | 0.7.1 | 50.00 | 287.00 | 337.00 | NOTE | |
r-patched-linux-x86_64 | 0.7.1 | 48.09 | 312.21 | 360.30 | NOTE | |
r-release-linux-x86_64 | 0.7.1 | 47.17 | 314.32 | 361.49 | NOTE | |
r-release-macos-arm64 | 0.7.1 | 143.00 | NOTE | |||
r-release-macos-x86_64 | 0.7.1 | 273.00 | NOTE | |||
r-release-windows-x86_64 | 0.7.1 | 49.00 | 291.00 | 340.00 | NOTE | |
r-oldrel-macos-arm64 | 0.7.1 | 149.00 | NOTE | |||
r-oldrel-macos-x86_64 | 0.7.1 | 218.00 | NOTE | |||
r-oldrel-windows-x86_64 | 0.7.1 | 65.00 | 381.00 | 446.00 | NOTE |
Version: 0.7.1
Check: DESCRIPTION meta-information
Result: NOTE
Missing dependency on R >= 4.1.0 because package code uses the pipe
|> or function shorthand \(...) syntax added in R 4.1.0.
File(s) using such syntax:
‘highest_concentration.R’ ‘plot_points.R’
Flavors: r-devel-linux-x86_64-debian-clang, r-devel-linux-x86_64-debian-gcc, r-devel-linux-x86_64-fedora-clang, r-devel-linux-x86_64-fedora-gcc, r-devel-windows-x86_64, r-patched-linux-x86_64, r-release-linux-x86_64, r-release-macos-arm64, r-release-macos-x86_64, r-release-windows-x86_64
Version: 0.7.1
Check: examples
Result: NOTE
Examples with CPU (user + system) or elapsed time > 5s
user system elapsed
choropleth_ggplot2 6.412 0.193 8.021
points_to_polygon 5.553 0.024 7.201
Flavor: r-devel-linux-x86_64-debian-clang
Version: 0.7.1
Check: installed package size
Result: NOTE
installed size is 5.6Mb
sub-directories of 1Mb or more:
data 2.6Mb
help 1.7Mb
libs 1.2Mb
Flavors: r-oldrel-macos-arm64, r-oldrel-macos-x86_64, r-oldrel-windows-x86_64