Last updated on 2023-11-30 11:49:43 CET.
Flavor | Version | Tinstall | Tcheck | Ttotal | Status | Flags |
---|---|---|---|---|---|---|
r-devel-linux-x86_64-debian-clang | 3.2-8 | 41.17 | 556.45 | 597.62 | NOTE | |
r-devel-linux-x86_64-debian-gcc | 3.2-8 | 40.26 | 402.24 | 442.50 | NOTE | |
r-devel-linux-x86_64-fedora-clang | 3.2-8 | 768.83 | NOTE | |||
r-devel-linux-x86_64-fedora-gcc | 3.2-8 | 763.65 | NOTE | |||
r-devel-windows-x86_64 | 3.2-8 | 46.00 | 495.00 | 541.00 | NOTE | |
r-patched-linux-x86_64 | 3.2-8 | 71.25 | 518.68 | 589.93 | NOTE | |
r-release-linux-x86_64 | 3.2-8 | 39.81 | 531.19 | 571.00 | NOTE | |
r-release-macos-arm64 | 3.2-8 | 204.00 | NOTE | |||
r-release-macos-x86_64 | 3.2-8 | 462.00 | NOTE | |||
r-release-windows-x86_64 | 3.2-8 | 64.00 | 633.00 | 697.00 | NOTE | |
r-oldrel-macos-arm64 | 3.2-8 | 215.00 | NOTE | |||
r-oldrel-macos-x86_64 | 3.2-6 | 263.00 | NOTE | |||
r-oldrel-windows-x86_64 | 3.2-8 | 60.00 | 614.00 | 674.00 | NOTE |
Version: 3.2-8
Check: package dependencies
Result: NOTE
Depends: includes the non-default packages:
'spatstat.data', 'spatstat.geom', 'spatstat.random',
'spatstat.explore', 'nlme', 'rpart'
Adding so many packages to the search path is excessive and importing
selectively is preferable.
Flavors: r-devel-linux-x86_64-debian-clang, r-devel-linux-x86_64-debian-gcc, r-devel-linux-x86_64-fedora-clang, r-devel-linux-x86_64-fedora-gcc, r-devel-windows-x86_64, r-patched-linux-x86_64, r-release-linux-x86_64, r-release-macos-arm64, r-release-macos-x86_64, r-release-windows-x86_64, r-oldrel-macos-arm64, r-oldrel-windows-x86_64
Version: 3.2-6
Check: package dependencies
Result: NOTE
Depends: includes the non-default packages:
'spatstat.data', 'spatstat.geom', 'spatstat.random',
'spatstat.explore', 'nlme', 'rpart'
Adding so many packages to the search path is excessive and importing
selectively is preferable.
Flavor: r-oldrel-macos-x86_64