Last updated on 2025-04-29 10:50:50 CEST.
Flavor | Version | Tinstall | Tcheck | Ttotal | Status | Flags |
---|---|---|---|---|---|---|
r-devel-linux-x86_64-debian-clang | 0.4.2 | 8.33 | 98.92 | 107.25 | NOTE | |
r-devel-linux-x86_64-debian-gcc | 0.4.2 | 4.91 | 75.96 | 80.87 | NOTE | |
r-devel-linux-x86_64-fedora-clang | 0.4.2 | 170.10 | OK | |||
r-devel-linux-x86_64-fedora-gcc | 0.4.2 | 153.19 | OK | |||
r-devel-windows-x86_64 | 0.4.2 | 13.00 | 128.00 | 141.00 | OK | |
r-patched-linux-x86_64 | 0.4.2 | 7.98 | 95.68 | 103.66 | OK | |
r-release-linux-x86_64 | 0.4.2 | 7.75 | 97.00 | 104.75 | OK | |
r-release-macos-arm64 | 0.4.2 | 64.00 | OK | |||
r-release-macos-x86_64 | 0.4.2 | 121.00 | OK | |||
r-release-windows-x86_64 | 0.4.2 | 12.00 | 123.00 | 135.00 | OK | |
r-oldrel-macos-arm64 | 0.4.2 | 65.00 | OK | |||
r-oldrel-macos-x86_64 | 0.4.2 | 112.00 | OK | |||
r-oldrel-windows-x86_64 | 0.4.2 | 16.00 | 156.00 | 172.00 | OK |
Version: 0.4.2
Check: examples
Result: NOTE
Examples with CPU (user + system) or elapsed time > 5s
user system elapsed
plotControlDistributions 2.383 0.087 6.617
plotCurve 2.005 0.068 6.049
plotRMSE 1.143 0.048 5.440
plotR2Adj 1.183 0.000 5.553
Flavor: r-devel-linux-x86_64-debian-clang
Version: 0.4.2
Check: examples
Result: NOTE
Examples with CPU (user + system) or elapsed time > 5s
user system elapsed
plotControlDistributions 1.724 0.109 5.48
Flavor: r-devel-linux-x86_64-debian-gcc