Last updated on 2025-04-29 15:50:33 CEST.
Flavor | Version | Tinstall | Tcheck | Ttotal | Status | Flags |
---|---|---|---|---|---|---|
r-devel-linux-x86_64-debian-clang | 0.1.2 | 5.46 | 34.84 | 40.30 | NOTE | |
r-devel-linux-x86_64-debian-gcc | 0.1.2 | 4.25 | 27.22 | 31.47 | NOTE | |
r-devel-linux-x86_64-fedora-clang | 0.1.2 | 64.17 | OK | |||
r-devel-linux-x86_64-fedora-gcc | 0.1.2 | 59.20 | OK | |||
r-devel-windows-x86_64 | 0.1.2 | 7.00 | 57.00 | 64.00 | OK | |
r-patched-linux-x86_64 | 0.1.2 | 4.29 | 34.55 | 38.84 | OK | |
r-release-linux-x86_64 | 0.1.2 | 5.32 | 34.45 | 39.77 | OK | |
r-release-macos-arm64 | 0.1.2 | 26.00 | OK | |||
r-release-macos-x86_64 | 0.1.2 | 39.00 | OK | |||
r-release-windows-x86_64 | 0.1.2 | 6.00 | 60.00 | 66.00 | OK | |
r-oldrel-macos-arm64 | 0.1.2 | 26.00 | OK | |||
r-oldrel-macos-x86_64 | 0.1.2 | 43.00 | OK | |||
r-oldrel-windows-x86_64 | 0.1.2 | 7.00 | 62.00 | 69.00 | OK |
Version: 0.1.2
Check: CRAN incoming feasibility
Result: NOTE
Maintainer: ‘Selva Prabhakaran <selva86@gmail.com>’
No Authors@R field in DESCRIPTION.
Please add one, modifying
Authors@R: person(given = "Selva",
family = "Prabhakaran",
role = c("aut", "cre"),
email = "selva86@gmail.com")
as necessary.
Flavors: r-devel-linux-x86_64-debian-clang, r-devel-linux-x86_64-debian-gcc