Last updated on 2023-11-30 01:53:46 CET.
Flavor | Version | Tinstall | Tcheck | Ttotal | Status | Flags |
---|---|---|---|---|---|---|
r-devel-linux-x86_64-debian-clang | 0.3.6 | 9.04 | 344.98 | 354.02 | NOTE | |
r-devel-linux-x86_64-debian-gcc | 0.3.6 | 7.55 | 257.22 | 264.77 | NOTE | |
r-devel-linux-x86_64-fedora-clang | 0.3.6 | 439.61 | NOTE | |||
r-devel-linux-x86_64-fedora-gcc | 0.3.6 | 460.13 | NOTE | |||
r-devel-windows-x86_64 | 0.3.6 | 10.00 | 264.00 | 274.00 | NOTE | |
r-patched-linux-x86_64 | 0.3.6 | 6.66 | 324.81 | 331.47 | NOTE | |
r-release-linux-x86_64 | 0.3.6 | 6.70 | 325.98 | 332.68 | NOTE | |
r-release-macos-arm64 | 0.3.6 | 125.00 | NOTE | |||
r-release-macos-x86_64 | 0.3.6 | 197.00 | NOTE | |||
r-release-windows-x86_64 | 0.3.6 | 12.00 | 345.00 | 357.00 | NOTE | |
r-oldrel-macos-arm64 | 0.3.6 | 165.00 | OK | |||
r-oldrel-macos-x86_64 | 0.3.6 | 212.00 | OK | |||
r-oldrel-windows-x86_64 | 0.3.6 | 13.00 | 344.00 | 357.00 | OK |
Version: 0.3.6
Check: Rd files
Result: NOTE
checkRd: (-1) PimaIndiansDiabetes_long.Rd:14: Escaped LaTeX specials: \^
checkRd: (-1) PimaIndiansDiabetes_wide.Rd:16: Escaped LaTeX specials: \^
Flavors: r-devel-linux-x86_64-debian-clang, r-devel-linux-x86_64-debian-gcc, r-devel-linux-x86_64-fedora-clang, r-devel-linux-x86_64-fedora-gcc, r-devel-windows-x86_64, r-patched-linux-x86_64, r-release-linux-x86_64, r-release-macos-arm64, r-release-macos-x86_64, r-release-windows-x86_64