Last updated on 2024-08-31 22:49:51 CEST.
Flavor | Version | Tinstall | Tcheck | Ttotal | Status | Flags |
---|---|---|---|---|---|---|
r-devel-linux-x86_64-debian-clang | 0.8.2 | 22.86 | 150.01 | 172.87 | NOTE | |
r-devel-linux-x86_64-debian-gcc | 0.8.2 | 14.42 | 105.77 | 120.19 | NOTE | |
r-devel-linux-x86_64-fedora-clang | 0.8.2 | 277.50 | NOTE | |||
r-devel-linux-x86_64-fedora-gcc | 0.8.2 | 285.74 | NOTE | |||
r-devel-windows-x86_64 | 0.8.2 | 23.00 | 155.00 | 178.00 | NOTE | |
r-patched-linux-x86_64 | 0.8.2 | 20.57 | 141.92 | 162.49 | NOTE | |
r-release-linux-x86_64 | 0.8.2 | 21.32 | 141.52 | 162.84 | NOTE | |
r-release-macos-arm64 | 0.8.2 | 87.00 | NOTE | |||
r-release-macos-x86_64 | 0.8.2 | 124.00 | NOTE | |||
r-release-windows-x86_64 | 0.8.2 | 25.00 | 165.00 | 190.00 | NOTE | |
r-oldrel-macos-arm64 | 0.8.2 | 83.00 | OK | |||
r-oldrel-macos-x86_64 | 0.8.2 | 142.00 | OK | |||
r-oldrel-windows-x86_64 | 0.8.2 | 32.00 | 209.00 | 241.00 | OK |
Version: 0.8.2
Check: Rd files
Result: NOTE
checkRd: (-1) speedtestdata.Rd:18: Lost braces in \itemize; meant \describe ?
checkRd: (-1) speedtestdata.Rd:19: Lost braces in \itemize; meant \describe ?
checkRd: (-1) speedtestdata.Rd:20: Lost braces in \itemize; meant \describe ?
checkRd: (-1) speedtestdata.Rd:21: Lost braces in \itemize; meant \describe ?
checkRd: (-1) speedtestdata.Rd:22: Lost braces in \itemize; meant \describe ?
checkRd: (-1) speedtestdata.Rd:23: Lost braces in \itemize; meant \describe ?
Flavors: r-devel-linux-x86_64-debian-clang, r-devel-linux-x86_64-debian-gcc, r-devel-linux-x86_64-fedora-clang, r-devel-linux-x86_64-fedora-gcc, r-devel-windows-x86_64, r-patched-linux-x86_64, r-release-linux-x86_64, r-release-macos-arm64, r-release-macos-x86_64, r-release-windows-x86_64