Last updated on 2023-11-30 16:49:39 CET.
Flavor | Version | Tinstall | Tcheck | Ttotal | Status | Flags |
---|---|---|---|---|---|---|
r-devel-linux-x86_64-debian-clang | 1.0.6 | 22.22 | 425.72 | 447.94 | OK | |
r-devel-linux-x86_64-debian-gcc | 1.0.6 | 18.43 | 318.17 | 336.60 | OK | |
r-devel-linux-x86_64-fedora-clang | 1.0.6 | 532.60 | NOTE | |||
r-devel-linux-x86_64-fedora-gcc | 1.0.6 | 536.64 | NOTE | |||
r-devel-windows-x86_64 | 1.0.6 | 20.00 | 347.00 | 367.00 | OK | |
r-patched-linux-x86_64 | 1.0.6 | 18.21 | 411.61 | 429.82 | OK | |
r-release-linux-x86_64 | 1.0.6 | 14.98 | 412.37 | 427.35 | OK | |
r-release-macos-arm64 | 1.0.6 | 171.00 | OK | |||
r-release-macos-x86_64 | 1.0.6 | 235.00 | OK | |||
r-release-windows-x86_64 | 1.0.6 | 26.00 | 452.00 | 478.00 | OK | |
r-oldrel-macos-arm64 | 1.0.6 | 161.00 | OK | |||
r-oldrel-macos-x86_64 | 1.0.6 | 190.00 | OK | |||
r-oldrel-windows-x86_64 | 1.0.6 | 26.00 | 464.00 | 490.00 | OK |
Version: 1.0.6
Check: dependencies in R code
Result: NOTE
Namespace in Imports field not imported from: ‘knitr’
All declared Imports should be used.
Flavors: r-devel-linux-x86_64-fedora-clang, r-devel-linux-x86_64-fedora-gcc