Last updated on 2025-04-29 02:49:03 CEST.
Flavor | Version | Tinstall | Tcheck | Ttotal | Status | Flags |
---|---|---|---|---|---|---|
r-devel-linux-x86_64-debian-clang | 0.2.2 | 4.40 | 43.82 | 48.22 | OK | |
r-devel-linux-x86_64-debian-gcc | 0.2.2 | 2.83 | 32.97 | 35.80 | NOTE | |
r-devel-linux-x86_64-fedora-clang | 0.2.2 | 78.14 | OK | |||
r-devel-linux-x86_64-fedora-gcc | 0.2.2 | 71.82 | OK | |||
r-devel-windows-x86_64 | 0.2.2 | 6.00 | 59.00 | 65.00 | OK | |
r-patched-linux-x86_64 | 0.2.2 | 4.11 | 41.06 | 45.17 | OK | |
r-release-linux-x86_64 | 0.2.2 | 3.77 | 40.66 | 44.43 | OK | |
r-release-macos-arm64 | 0.2.2 | 26.00 | OK | |||
r-release-macos-x86_64 | 0.2.2 | 45.00 | OK | |||
r-release-windows-x86_64 | 0.2.2 | 7.00 | 62.00 | 69.00 | OK | |
r-oldrel-macos-arm64 | 0.2.2 | 29.00 | OK | |||
r-oldrel-macos-x86_64 | 0.2.2 | 49.00 | OK | |||
r-oldrel-windows-x86_64 | 0.2.2 | 7.00 | 67.00 | 74.00 | OK |
Version: 0.2.2
Check: examples
Result: NOTE
Examples with CPU (user + system) or elapsed time > 5s
user system elapsed
reg_aucroc 3.71 0.205 5.068
Flavor: r-devel-linux-x86_64-debian-gcc