Last updated on 2025-02-04 21:49:41 CET.
Flavor | Version | Tinstall | Tcheck | Ttotal | Status | Flags |
---|---|---|---|---|---|---|
r-devel-linux-x86_64-debian-clang | 1.1.10 | 11.11 | 84.23 | 95.34 | NOTE | |
r-devel-linux-x86_64-debian-gcc | 1.1.10 | 7.98 | 61.09 | 69.07 | NOTE | |
r-devel-linux-x86_64-fedora-clang | 1.1.10 | 166.16 | NOTE | |||
r-devel-linux-x86_64-fedora-gcc | 1.1.10 | 141.26 | NOTE | |||
r-devel-windows-x86_64 | 1.1.10 | 15.00 | 97.00 | 112.00 | NOTE | |
r-patched-linux-x86_64 | 1.1.10 | 10.89 | 78.84 | 89.73 | NOTE | |
r-release-linux-x86_64 | 1.1.10 | 11.24 | 78.54 | 89.78 | NOTE | |
r-release-macos-arm64 | 1.1.10 | 43.00 | NOTE | |||
r-release-macos-x86_64 | 1.1.10 | 63.00 | NOTE | |||
r-release-windows-x86_64 | 1.1.10 | 15.00 | 92.00 | 107.00 | NOTE | |
r-oldrel-macos-arm64 | 1.1.10 | 44.00 | NOTE | |||
r-oldrel-macos-x86_64 | 1.1.10 | 76.00 | NOTE | |||
r-oldrel-windows-x86_64 | 1.1.10 | 16.00 | 114.00 | 130.00 | NOTE |
Version: 1.1.10
Check: Rd files
Result: NOTE
checkRd: (-1) multiCUMSUM.Rd:33: Escaped LaTeX specials: \&
Flavors: r-devel-linux-x86_64-debian-clang, r-devel-linux-x86_64-debian-gcc, r-devel-linux-x86_64-fedora-clang, r-devel-linux-x86_64-fedora-gcc, r-devel-windows-x86_64, r-patched-linux-x86_64, r-release-linux-x86_64, r-release-macos-arm64, r-release-macos-x86_64, r-release-windows-x86_64, r-oldrel-macos-arm64, r-oldrel-macos-x86_64, r-oldrel-windows-x86_64