Last updated on 2023-11-29 23:02:51 CET.
Flavor | Version | Tinstall | Tcheck | Ttotal | Status | Flags |
---|---|---|---|---|---|---|
r-devel-linux-x86_64-debian-clang | 1.0.6.1 | 15.02 | 485.77 | 500.79 | NOTE | |
r-devel-linux-x86_64-debian-gcc | 1.0.6.1 | 12.35 | 390.77 | 403.12 | NOTE | |
r-devel-linux-x86_64-fedora-clang | 1.0.6.1 | 660.85 | NOTE | |||
r-devel-linux-x86_64-fedora-gcc | 1.0.6.1 | 675.38 | NOTE | |||
r-devel-windows-x86_64 | 1.0.6.1 | 18.00 | 376.00 | 394.00 | NOTE | |
r-patched-linux-x86_64 | 1.0.6.1 | 17.34 | 483.04 | 500.38 | NOTE | |
r-release-linux-x86_64 | 1.0.6.1 | 12.11 | 492.86 | 504.97 | NOTE | |
r-release-macos-arm64 | 1.0.6.1 | 109.00 | NOTE | |||
r-release-macos-x86_64 | 1.0.6.1 | 275.00 | NOTE | |||
r-release-windows-x86_64 | 1.0.6.1 | 22.00 | 509.00 | 531.00 | NOTE | |
r-oldrel-macos-arm64 | 1.0.6.1 | 120.00 | NOTE | |||
r-oldrel-macos-x86_64 | 1.0.6.1 | 260.00 | NOTE | |||
r-oldrel-windows-x86_64 | 1.0.6.1 | 23.00 | 513.00 | 536.00 | NOTE |
Version: 1.0.6.1
Check: package dependencies
Result: NOTE
Package suggested but not available for checking: ‘asreml’
Flavors: r-devel-linux-x86_64-debian-clang, r-devel-linux-x86_64-debian-gcc, r-devel-linux-x86_64-fedora-clang, r-devel-linux-x86_64-fedora-gcc, r-devel-windows-x86_64, r-patched-linux-x86_64, r-release-linux-x86_64, r-release-macos-arm64, r-release-macos-x86_64, r-release-windows-x86_64, r-oldrel-macos-arm64, r-oldrel-macos-x86_64, r-oldrel-windows-x86_64
Version: 1.0.6.1
Check: installed package size
Result: NOTE
installed size is 5.0Mb
sub-directories of 1Mb or more:
data 3.5Mb
Flavors: r-devel-linux-x86_64-fedora-clang, r-release-macos-arm64, r-release-macos-x86_64, r-oldrel-macos-arm64