Last updated on 2023-11-28 21:48:32 CET.
Flavor | Version | Tinstall | Tcheck | Ttotal | Status | Flags |
---|---|---|---|---|---|---|
r-devel-linux-x86_64-debian-clang | 1.0.2 | 6.00 | 213.78 | 219.78 | NOTE | |
r-devel-linux-x86_64-debian-gcc | 1.0.2 | 5.03 | 151.46 | 156.49 | NOTE | |
r-devel-linux-x86_64-fedora-clang | 1.0.2 | 274.99 | OK | |||
r-devel-linux-x86_64-fedora-gcc | 1.0.2 | 282.98 | OK | |||
r-devel-windows-x86_64 | 1.0.2 | 7.00 | 171.00 | 178.00 | OK | |
r-patched-linux-x86_64 | 1.0.2 | 5.89 | 196.51 | 202.40 | OK | |
r-release-linux-x86_64 | 1.0.2 | 3.97 | 196.42 | 200.39 | OK | |
r-release-macos-arm64 | 1.0.2 | 94.00 | OK | |||
r-release-macos-x86_64 | 1.0.2 | 150.00 | OK | |||
r-release-windows-x86_64 | 1.0.2 | 9.00 | 217.00 | 226.00 | OK | |
r-oldrel-macos-arm64 | 1.0.2 | 79.00 | OK | |||
r-oldrel-macos-x86_64 | 1.0.2 | 116.00 | OK | |||
r-oldrel-windows-x86_64 | 1.0.2 | 10.00 | 223.00 | 233.00 | OK |
Version: 1.0.2
Check: Rd files
Result: NOTE
checkRd: (-1) plot.QTLMPP.Rd:33-34: Lost braces in \itemize; meant \describe ?
checkRd: (-1) plot.QTLMPP.Rd:35: Lost braces in \itemize; meant \describe ?
checkRd: (-1) plot.QTLMPP.Rd:36: Lost braces in \itemize; meant \describe ?
checkRd: (-1) plot.QTLMPP.Rd:37-38: Lost braces in \itemize; meant \describe ?
checkRd: (-1) plot.gDataMPP.Rd:40: Lost braces in \itemize; meant \describe ?
checkRd: (-1) plot.gDataMPP.Rd:41-42: Lost braces in \itemize; meant \describe ?
checkRd: (-1) plot.gDataMPP.Rd:43-44: Lost braces in \itemize; meant \describe ?
checkRd: (-1) plot.gDataMPP.Rd:45-46: Lost braces in \itemize; meant \describe ?
Flavors: r-devel-linux-x86_64-debian-clang, r-devel-linux-x86_64-debian-gcc